{"id":483,"date":"2024-10-27T04:00:37","date_gmt":"2024-10-27T03:00:37","guid":{"rendered":"https:\/\/lucassen.de\/consulting\/?page_id=483"},"modified":"2025-04-21T01:26:12","modified_gmt":"2025-04-20T23:26:12","slug":"offres-demploi","status":"publish","type":"page","link":"https:\/\/lucassen.de\/baustoffe\/fr\/maison\/information\/offres-demploi","title":{"rendered":"Offres d&#8217;emploi"},"content":{"rendered":"\n<div class=\"wp-block-cover\" style=\"min-height:40vh;aspect-ratio:unset;\"><span aria-hidden=\"true\" class=\"wp-block-cover__background has-background-dim-90 has-background-dim wp-block-cover__gradient-background has-background-gradient\" style=\"background:linear-gradient(140deg,rgb(52,72,94) 0%,rgba(52,72,94,0.89) 45%,rgba(52,72,94,0.41) 100%)\"><\/span><img loading=\"lazy\" decoding=\"async\" width=\"1920\" height=\"1280\" class=\"wp-block-cover__image-background wp-image-276\" alt=\"\" src=\"https:\/\/lucassen.de\/consulting\/wp-content\/uploads\/sites\/2\/businessman.jpg\" style=\"object-position:50% 0%\" data-object-fit=\"cover\" data-object-position=\"50% 0%\" \/><div class=\"wp-block-cover__inner-container is-layout-constrained wp-block-cover-is-layout-constrained\">\n<h1 class=\"wp-block-heading\">Offres d&#8217;emploi<\/h1>\n<\/div><\/div>\n\n\n\n<div class=\"wp-block-group\"><div class=\"wp-block-group__inner-container is-layout-constrained wp-block-group-is-layout-constrained\">\n<div class=\"wp-block-columns is-layout-flex wp-container-core-columns-is-layout-9d6595d7 wp-block-columns-is-layout-flex\">\n<div class=\"wp-block-column is-layout-flow wp-block-column-is-layout-flow\" style=\"flex-basis:40%\">\n<h2 class=\"wp-block-heading slogan\">Nous n&#8217;avons aucun poste vacant \u00e0 pourvoir actuellement.<\/h2>\n\n\n\n<p>Pour cette raison, notre portail de candidature en ligne n&#8217;est actuellement pas disponible.<\/p>\n<\/div>\n\n\n\n<div class=\"wp-block-column is-layout-flow wp-block-column-is-layout-flow\" style=\"flex-basis:60%\">\n<h2 class=\"wp-block-heading\">FAQ sur notre portail de candidature en ligne<\/h2>\n\n\n\n<h3 class=\"wp-block-heading\">Puis-je \u00e9galement postuler de ma propre initiative ?<\/h3>\n\n\n\n<p>En tant que petite entreprise, nous ne pouvons malheureusement pas prendre en compte les candidatures spontan\u00e9es.<br>Vous pouvez trouver nos postes annonc\u00e9s ci-dessus.<\/p>\n\n\n\n<h3 class=\"wp-block-heading\">Quels documents dois-je soumettre lors de ma candidature ?<\/h3>\n\n\n\n<p>En principe, nous ne pouvons examiner les candidatures compl\u00e8tes que via notre portail de candidature en ligne. Les documents requis diff\u00e8rent parfois selon le poste. Dans notre portail de candidature en ligne, vous serez inform\u00e9 des documents requis pour votre candidature. En r\u00e8gle g\u00e9n\u00e9rale, nous avons besoin des documents suivants:<\/p>\n\n\n\n<ul class=\"wp-block-list\">\n<li>Lettre de motivation \u00e9crite (pourquoi suis-je la bonne personne pour le poste annonc\u00e9)<\/li>\n\n\n\n<li>CV tabulaire significatif<\/li>\n\n\n\n<li>Preuve d\u2019\u00e9tudes\/formation r\u00e9ussies<\/li>\n\n\n\n<li>Des r\u00e9f\u00e9rences pertinentes en mati\u00e8re d&#8217;emploi ou d&#8217;int\u00e9rim, notamment au cours des derni\u00e8res ann\u00e9es, pour prouver une exp\u00e9rience professionnelle ant\u00e9rieure et\/ou des connaissances sp\u00e9cifiques de l&#8217;annonce.<\/li>\n<\/ul>\n<\/div>\n<\/div>\n<\/div><\/div>\n\n\n\n<p><\/p>\n","protected":false},"excerpt":{"rendered":"<p>Nous n&#8217;avons aucun poste vacant \u00e0 pourvoir actuellement. Pour cette raison, notre portail de candidature en ligne n&#8217;est actuellement pas disponible. FAQ sur notre portail de candidature en ligne Puis-je \u00e9galement postuler de ma propre [&hellip;]<\/p>\n","protected":false},"author":1,"featured_media":0,"parent":538,"menu_order":342,"comment_status":"closed","ping_status":"closed","template":"","meta":{"footnotes":""},"class_list":["post-483","page","type-page","status-publish","hentry"],"yoast_head":"<!-- This site is optimized with the Yoast SEO plugin v27.3 - https:\/\/yoast.com\/product\/yoast-seo-wordpress\/ -->\n<title>Offres d&#039;emploi - Lucassen Baustoffe<\/title>\n<meta name=\"robots\" content=\"index, follow, max-snippet:-1, max-image-preview:large, max-video-preview:-1\" \/>\n<link rel=\"canonical\" href=\"https:\/\/lucassen.de\/baustoffe\/fr\/maison\/information\/offres-demploi\" \/>\n<meta property=\"og:locale\" content=\"de_DE\" \/>\n<meta property=\"og:type\" content=\"article\" \/>\n<meta property=\"og:title\" content=\"Offres d&#039;emploi - Lucassen Baustoffe\" \/>\n<meta property=\"og:description\" content=\"Nous n&#8217;avons aucun poste vacant \u00e0 pourvoir actuellement. Pour cette raison, notre portail de candidature en ligne n&#8217;est actuellement pas disponible. FAQ sur notre portail de candidature en ligne Puis-je \u00e9galement postuler de ma propre [&hellip;]\" \/>\n<meta property=\"og:url\" content=\"https:\/\/lucassen.de\/baustoffe\/fr\/maison\/information\/offres-demploi\" \/>\n<meta property=\"og:site_name\" content=\"Lucassen Baustoffe\" \/>\n<meta property=\"article:modified_time\" content=\"2025-04-20T23:26:12+00:00\" \/>\n<meta property=\"og:image\" content=\"https:\/\/lucassen.de\/baustoffe\/wp-content\/uploads\/sites\/6\/2020\/03\/businessman.jpg\" \/>\n\t<meta property=\"og:image:width\" content=\"1920\" \/>\n\t<meta property=\"og:image:height\" content=\"1280\" \/>\n\t<meta property=\"og:image:type\" content=\"image\/jpeg\" \/>\n<meta name=\"twitter:card\" content=\"summary_large_image\" \/>\n<meta name=\"twitter:label1\" content=\"Gesch\u00e4tzte Lesezeit\" \/>\n\t<meta name=\"twitter:data1\" content=\"2\u00a0Minuten\" \/>\n<script type=\"application\/ld+json\" class=\"yoast-schema-graph\">{\"@context\":\"https:\\\/\\\/schema.org\",\"@graph\":[{\"@type\":\"WebPage\",\"@id\":\"https:\\\/\\\/lucassen.de\\\/baustoffe\\\/fr\\\/maison\\\/information\\\/offres-demploi\",\"url\":\"https:\\\/\\\/lucassen.de\\\/baustoffe\\\/fr\\\/maison\\\/information\\\/offres-demploi\",\"name\":\"Offres d'emploi - Lucassen Baustoffe\",\"isPartOf\":{\"@id\":\"https:\\\/\\\/lucassen.de\\\/baustoffe\\\/#website\"},\"primaryImageOfPage\":{\"@id\":\"https:\\\/\\\/lucassen.de\\\/baustoffe\\\/fr\\\/maison\\\/information\\\/offres-demploi#primaryimage\"},\"image\":{\"@id\":\"https:\\\/\\\/lucassen.de\\\/baustoffe\\\/fr\\\/maison\\\/information\\\/offres-demploi#primaryimage\"},\"thumbnailUrl\":\"https:\\\/\\\/lucassen.de\\\/consulting\\\/wp-content\\\/uploads\\\/sites\\\/2\\\/businessman.jpg\",\"datePublished\":\"2024-10-27T03:00:37+00:00\",\"dateModified\":\"2025-04-20T23:26:12+00:00\",\"breadcrumb\":{\"@id\":\"https:\\\/\\\/lucassen.de\\\/baustoffe\\\/fr\\\/maison\\\/information\\\/offres-demploi#breadcrumb\"},\"inLanguage\":\"de\",\"potentialAction\":[{\"@type\":\"ReadAction\",\"target\":[\"https:\\\/\\\/lucassen.de\\\/baustoffe\\\/fr\\\/maison\\\/information\\\/offres-demploi\"]}]},{\"@type\":\"ImageObject\",\"inLanguage\":\"de\",\"@id\":\"https:\\\/\\\/lucassen.de\\\/baustoffe\\\/fr\\\/maison\\\/information\\\/offres-demploi#primaryimage\",\"url\":\"https:\\\/\\\/lucassen.de\\\/consulting\\\/wp-content\\\/uploads\\\/sites\\\/2\\\/businessman.jpg\",\"contentUrl\":\"https:\\\/\\\/lucassen.de\\\/consulting\\\/wp-content\\\/uploads\\\/sites\\\/2\\\/businessman.jpg\"},{\"@type\":\"BreadcrumbList\",\"@id\":\"https:\\\/\\\/lucassen.de\\\/baustoffe\\\/fr\\\/maison\\\/information\\\/offres-demploi#breadcrumb\",\"itemListElement\":[{\"@type\":\"ListItem\",\"position\":1,\"name\":\"Startseite\",\"item\":\"https:\\\/\\\/lucassen.de\\\/baustoffe\\\/\"},{\"@type\":\"ListItem\",\"position\":2,\"name\":\"Home (FR)\",\"item\":\"https:\\\/\\\/lucassen.de\\\/baustoffe\\\/fr\\\/maison\"},{\"@type\":\"ListItem\",\"position\":3,\"name\":\"Information\",\"item\":\"https:\\\/\\\/lucassen.de\\\/baustoffe\\\/fr\\\/maison\\\/information\"},{\"@type\":\"ListItem\",\"position\":4,\"name\":\"Offres d&#8217;emploi\"}]},{\"@type\":\"WebSite\",\"@id\":\"https:\\\/\\\/lucassen.de\\\/baustoffe\\\/#website\",\"url\":\"https:\\\/\\\/lucassen.de\\\/baustoffe\\\/\",\"name\":\"Lucassen Baustoffe\",\"description\":\"\",\"potentialAction\":[{\"@type\":\"SearchAction\",\"target\":{\"@type\":\"EntryPoint\",\"urlTemplate\":\"https:\\\/\\\/lucassen.de\\\/baustoffe\\\/?s={search_term_string}\"},\"query-input\":{\"@type\":\"PropertyValueSpecification\",\"valueRequired\":true,\"valueName\":\"search_term_string\"}}],\"inLanguage\":\"de\"}]}<\/script>\n<!-- \/ Yoast SEO plugin. -->","yoast_head_json":{"title":"Offres d'emploi - Lucassen Baustoffe","robots":{"index":"index","follow":"follow","max-snippet":"max-snippet:-1","max-image-preview":"max-image-preview:large","max-video-preview":"max-video-preview:-1"},"canonical":"https:\/\/lucassen.de\/baustoffe\/fr\/maison\/information\/offres-demploi","og_locale":"de_DE","og_type":"article","og_title":"Offres d'emploi - Lucassen Baustoffe","og_description":"Nous n&#8217;avons aucun poste vacant \u00e0 pourvoir actuellement. Pour cette raison, notre portail de candidature en ligne n&#8217;est actuellement pas disponible. FAQ sur notre portail de candidature en ligne Puis-je \u00e9galement postuler de ma propre [&hellip;]","og_url":"https:\/\/lucassen.de\/baustoffe\/fr\/maison\/information\/offres-demploi","og_site_name":"Lucassen Baustoffe","article_modified_time":"2025-04-20T23:26:12+00:00","og_image":[{"width":1920,"height":1280,"url":"https:\/\/lucassen.de\/baustoffe\/wp-content\/uploads\/sites\/6\/2020\/03\/businessman.jpg","type":"image\/jpeg"}],"twitter_card":"summary_large_image","twitter_misc":{"Gesch\u00e4tzte Lesezeit":"2\u00a0Minuten"},"schema":{"@context":"https:\/\/schema.org","@graph":[{"@type":"WebPage","@id":"https:\/\/lucassen.de\/baustoffe\/fr\/maison\/information\/offres-demploi","url":"https:\/\/lucassen.de\/baustoffe\/fr\/maison\/information\/offres-demploi","name":"Offres d'emploi - Lucassen Baustoffe","isPartOf":{"@id":"https:\/\/lucassen.de\/baustoffe\/#website"},"primaryImageOfPage":{"@id":"https:\/\/lucassen.de\/baustoffe\/fr\/maison\/information\/offres-demploi#primaryimage"},"image":{"@id":"https:\/\/lucassen.de\/baustoffe\/fr\/maison\/information\/offres-demploi#primaryimage"},"thumbnailUrl":"https:\/\/lucassen.de\/consulting\/wp-content\/uploads\/sites\/2\/businessman.jpg","datePublished":"2024-10-27T03:00:37+00:00","dateModified":"2025-04-20T23:26:12+00:00","breadcrumb":{"@id":"https:\/\/lucassen.de\/baustoffe\/fr\/maison\/information\/offres-demploi#breadcrumb"},"inLanguage":"de","potentialAction":[{"@type":"ReadAction","target":["https:\/\/lucassen.de\/baustoffe\/fr\/maison\/information\/offres-demploi"]}]},{"@type":"ImageObject","inLanguage":"de","@id":"https:\/\/lucassen.de\/baustoffe\/fr\/maison\/information\/offres-demploi#primaryimage","url":"https:\/\/lucassen.de\/consulting\/wp-content\/uploads\/sites\/2\/businessman.jpg","contentUrl":"https:\/\/lucassen.de\/consulting\/wp-content\/uploads\/sites\/2\/businessman.jpg"},{"@type":"BreadcrumbList","@id":"https:\/\/lucassen.de\/baustoffe\/fr\/maison\/information\/offres-demploi#breadcrumb","itemListElement":[{"@type":"ListItem","position":1,"name":"Startseite","item":"https:\/\/lucassen.de\/baustoffe\/"},{"@type":"ListItem","position":2,"name":"Home (FR)","item":"https:\/\/lucassen.de\/baustoffe\/fr\/maison"},{"@type":"ListItem","position":3,"name":"Information","item":"https:\/\/lucassen.de\/baustoffe\/fr\/maison\/information"},{"@type":"ListItem","position":4,"name":"Offres d&#8217;emploi"}]},{"@type":"WebSite","@id":"https:\/\/lucassen.de\/baustoffe\/#website","url":"https:\/\/lucassen.de\/baustoffe\/","name":"Lucassen Baustoffe","description":"","potentialAction":[{"@type":"SearchAction","target":{"@type":"EntryPoint","urlTemplate":"https:\/\/lucassen.de\/baustoffe\/?s={search_term_string}"},"query-input":{"@type":"PropertyValueSpecification","valueRequired":true,"valueName":"search_term_string"}}],"inLanguage":"de"}]}},"_links":{"self":[{"href":"https:\/\/lucassen.de\/baustoffe\/wp-json\/wp\/v2\/pages\/483","targetHints":{"allow":["GET"]}}],"collection":[{"href":"https:\/\/lucassen.de\/baustoffe\/wp-json\/wp\/v2\/pages"}],"about":[{"href":"https:\/\/lucassen.de\/baustoffe\/wp-json\/wp\/v2\/types\/page"}],"author":[{"embeddable":true,"href":"https:\/\/lucassen.de\/baustoffe\/wp-json\/wp\/v2\/users\/1"}],"replies":[{"embeddable":true,"href":"https:\/\/lucassen.de\/baustoffe\/wp-json\/wp\/v2\/comments?post=483"}],"version-history":[{"count":1,"href":"https:\/\/lucassen.de\/baustoffe\/wp-json\/wp\/v2\/pages\/483\/revisions"}],"predecessor-version":[{"id":737,"href":"https:\/\/lucassen.de\/baustoffe\/wp-json\/wp\/v2\/pages\/483\/revisions\/737"}],"up":[{"embeddable":true,"href":"https:\/\/lucassen.de\/baustoffe\/wp-json\/wp\/v2\/pages\/538"}],"wp:attachment":[{"href":"https:\/\/lucassen.de\/baustoffe\/wp-json\/wp\/v2\/media?parent=483"}],"curies":[{"name":"wp","href":"https:\/\/api.w.org\/{rel}","templated":true}]}}