{"id":1088,"date":"2025-04-21T02:58:19","date_gmt":"2025-04-21T00:58:19","guid":{"rendered":"https:\/\/lucassen.de\/consulting\/?page_id=1088"},"modified":"2025-04-21T03:39:30","modified_gmt":"2025-04-21T01:39:30","slug":"dienstleister","status":"publish","type":"page","link":"https:\/\/lucassen.de\/consulting\/informationen\/dienstleister","title":{"rendered":"Dienstleister"},"content":{"rendered":"\n<div class=\"wp-block-cover\" style=\"min-height:40vh;aspect-ratio:unset;\"><img decoding=\"async\" class=\"wp-block-cover__image-background wp-image-20203098\" alt=\"\" src=\"https:\/\/lucassen.de\/hausverwaltung\/wp-content\/uploads\/sites\/3\/measuring-device-2087425_1920.jpg\" style=\"object-position:50% 0%\" data-object-fit=\"cover\" data-object-position=\"50% 0%\"\/><span aria-hidden=\"true\" class=\"wp-block-cover__background has-background-dim-90 has-background-dim wp-block-cover__gradient-background has-background-gradient\" style=\"background:linear-gradient(140deg,rgb(52,72,94) 0%,rgba(52,72,94,0.89) 51%,rgba(52,72,94,0.41) 100%)\"><\/span><div class=\"wp-block-cover__inner-container is-layout-constrained wp-container-core-cover-is-layout-48c9aa2a wp-block-cover-is-layout-constrained\">\n<div class=\"wp-block-group\"><div class=\"wp-block-group__inner-container is-layout-flow wp-block-group-is-layout-flow\">\n<h1 class=\"wp-block-heading\">Informationen f\u00fcr Dienstleister<\/h1>\n<\/div><\/div>\n<\/div><\/div>\n\n\n\n<div class=\"wp-block-group\"><div class=\"wp-block-group__inner-container is-layout-constrained wp-block-group-is-layout-constrained\">\n<p>W\u00e4hrend der Angebotsphase oder bei der Abrechnung von Dienst- und Beratungsleistungen bitten wir darum, Folgendes zu beachten:<\/p>\n\n\n\n<div class=\"wp-block-columns is-layout-flex wp-container-core-columns-is-layout-9d6595d7 wp-block-columns-is-layout-flex\">\n<div class=\"wp-block-column is-layout-flow wp-block-column-is-layout-flow\" style=\"flex-basis:100%\">\n<h2 class=\"wp-block-heading\">Angebote<\/h2>\n\n\n\n<p>&#8230; werden bei uns am schnellsten bearbeitet, wenn sie elektronisch im <a href=\"https:\/\/de.wikipedia.org\/wiki\/Portable_Document_Format\" target=\"_blank\" rel=\"noreferrer noopener\">PDF<\/a>-Format per E-Mail an <a href=\"mailto:angebot@lucassen.de\" target=\"_blank\" rel=\"noreferrer noopener\">angebot@lucassen.de<\/a> gesendet werden.<\/p>\n\n\n\n<p>Angebote k\u00f6nnen alternativ auch per <a href=\"https:\/\/de.wikipedia.org\/wiki\/WhatsApp\" target=\"_blank\" rel=\"noreferrer noopener\">WhatsApp<\/a> oder <a href=\"https:\/\/de.wikipedia.org\/wiki\/IMessage\" target=\"_blank\" rel=\"noreferrer noopener\">iMessage<\/a> \u00fcbermittelt werden, wenn sie im <a href=\"https:\/\/de.wikipedia.org\/wiki\/Portable_Document_Format\" target=\"_blank\" rel=\"noreferrer noopener\">PDF<\/a>-Format vorliegen.<\/p>\n<\/div>\n\n\n\n<div class=\"wp-block-column is-layout-flow wp-block-column-is-layout-flow\" style=\"flex-basis:100%\">\n<h2 class=\"wp-block-heading\">Rechnungen<\/h2>\n\n\n\n<p>&#8230; werden bei uns am schnellsten bearbeitet, wenn sie als <a href=\"https:\/\/www.e-rechnung-bund.de\" target=\"_blank\" rel=\"noreferrer noopener\">E\u2011Rechnung<\/a> (EN 16931) im <a href=\"https:\/\/de.wikipedia.org\/wiki\/ZUGFeRD\" target=\"_blank\" rel=\"noreferrer noopener\">ZUGFeRD<\/a>&#8211; oder <a href=\"https:\/\/de.wikipedia.org\/wiki\/XRechnung\" target=\"_blank\" rel=\"noreferrer noopener\">XRechnung<\/a>-Format per E-Mail an <a href=\"mailto:rechnung@lucassen.de\" target=\"_blank\" rel=\"noreferrer noopener\">rechnung@lucassen.de<\/a> gesendet werden.<\/p>\n\n\n\n<p><a href=\"https:\/\/www.e-rechnung-bund.de\" target=\"_blank\" rel=\"noreferrer noopener\">E\u2011Rechnungen<\/a> (EN 16931) k\u00f6nnen alternativ auch per <a href=\"https:\/\/de.wikipedia.org\/wiki\/WhatsApp\" target=\"_blank\" rel=\"noreferrer noopener\">WhatsApp<\/a> oder <a href=\"https:\/\/de.wikipedia.org\/wiki\/IMessage\" target=\"_blank\" rel=\"noreferrer noopener\">iMessage<\/a> \u00fcbermittelt werden, wenn sie im <a href=\"https:\/\/de.wikipedia.org\/wiki\/Portable_Document_Format\"><\/a><a href=\"https:\/\/de.wikipedia.org\/wiki\/ZUGFeRD\" target=\"_blank\" rel=\"noreferrer noopener\">ZUGFeRD<\/a>&#8211; oder <a href=\"https:\/\/de.wikipedia.org\/wiki\/XRechnung\" target=\"_blank\" rel=\"noreferrer noopener\">XRechnung<\/a>-Format vorliegen.<\/p>\n<\/div>\n<\/div>\n\n\n\n<div class=\"wp-block-group\" style=\"padding-top:var(--wp--preset--spacing--20);padding-right:var(--wp--preset--spacing--20);padding-bottom:var(--wp--preset--spacing--20);padding-left:var(--wp--preset--spacing--20)\"><div class=\"wp-block-group__inner-container is-layout-constrained wp-container-core-group-is-layout-689b0661 wp-block-group-is-layout-constrained\">\n<p>Bitte geben Sie im Betreff immer die genaue Projektbezeichnung an.<\/p>\n\n\n\n<p><mark style=\"background-color:rgba(0, 0, 0, 0)\" class=\"has-inline-color has-vivid-red-color\">Nicht bearbeitet werden Angebote oder Rechnungen, die per Telefax oder digital in Bildformaten &#8211; wie z.B. jpg, jpeg, gif, png, &#8230; &#8211; \u00fcbermittelt werden.<\/mark><\/p>\n<\/div><\/div>\n\n\n\n<div style=\"height:3rem\" aria-hidden=\"true\" class=\"wp-block-spacer\"><\/div>\n\n\n\n<h2 class=\"wp-block-heading\">Angebots- und Rechnungsanschrift lautet &#8230;<\/h2>\n\n\n\n<p class=\"has-text-align-left\" style=\"font-style:normal;font-weight:400;letter-spacing:1px\"><strong>Lucassen Consulting GmbH<br>Rheinstr. 11<br>47226  DUISBURG<\/strong><br><strong>DEUTSCHLAND<\/strong><\/p>\n\n\n\n<p class=\"has-text-align-left\">Ihre Dokumente senden Sie bitte an folgende E-Mail Adressen:<\/p>\n\n\n\n<ul class=\"wp-block-list\">\n<li><strong>Angebote<\/strong> an: <a href=\"mailto:angebot@lucassen.de\" target=\"_blank\" rel=\"noreferrer noopener\">angebot@lucassen.de<\/a><\/li>\n\n\n\n<li><strong>Rechnungen<\/strong> an: <a href=\"mailto:rechnung@lucassen.de\" target=\"_blank\" rel=\"noreferrer noopener\">rechnung@lucassen.de<\/a><\/li>\n<\/ul>\n\n\n\n<div style=\"height:1rem\" aria-hidden=\"true\" class=\"wp-block-spacer\"><\/div>\n\n\n\n<h2 class=\"wp-block-heading\">Bezeichnung des Projektes<\/h2>\n\n\n\n<p>Bitte in den Dokumenten (Angebot, Rechnung) immer die vollst\u00e4ndige Bezeichnung des Projektes (inkl. n\u00f6tiger Zusatzangaben) und die Referenz auf den zugrundeliegenden Vertrag und ggf. dessen Verl\u00e4ngerung(en) angeben, z.B.<\/p>\n\n\n\n<blockquote class=\"wp-block-quote is-layout-flow wp-block-quote-is-layout-flow\">\n<p><em>Projektleitung f\u00fcr das Projekt &#8222;xyz&#8220; gem\u00e4\u00df des Vertrages vom tt.mm.jjjj und der Verl\u00e4ngerung vom tt.mm.jjjj<\/em><\/p>\n<\/blockquote>\n\n\n\n<div style=\"height:1rem\" aria-hidden=\"true\" class=\"wp-block-spacer\"><\/div>\n\n\n\n<h2 class=\"wp-block-heading\">Bezeichnung der Leistung<\/h2>\n\n\n\n<p>Die geleistete Arbeit muss (z.B. mittels eines Stundenzettels) hinreichend detailliert beschrieben und anfallende Spesen gesondert aufgelistet werden.<br>Pauschalpreise (wie z.B. Tagess\u00e4tze) werden nur akzeptiert, wenn diese ausdr\u00fccklich vorher vertraglich vereinbart wurden.<\/p>\n\n\n\n<div style=\"height:1rem\" aria-hidden=\"true\" class=\"wp-block-spacer\"><\/div>\n\n\n\n<h2 class=\"wp-block-heading\">Ausweis des Arbeitslohns<\/h2>\n\n\n\n<p>Falls ein Arbeitslohn im Sinne des\u00a0<a href=\"https:\/\/www.gesetze-im-internet.de\/estg\/__35a.html\" target=\"_blank\" rel=\"noreferrer noopener\">\u00a7 35a EStG<\/a>\u00a0angefallen ist, muss\u00a0dieser gesondert ausgewiesen sein, idealerweise separat als Bruttobetrag und unter ausdr\u00fccklichem Hinweis auf \u00a7 35a.<\/p>\n\n\n\n<div style=\"height:1rem\" aria-hidden=\"true\" class=\"wp-block-spacer\"><\/div>\n\n\n\n<h2 class=\"wp-block-heading\">Abschlagszahlungen<\/h2>\n\n\n\n<p>Akontozahlungen nach Arbeitsfortschritt sind nach vorheriger vertraglicher Vereinbarung m\u00f6glich.<\/p>\n\n\n\n<div style=\"height:1rem\" aria-hidden=\"true\" class=\"wp-block-spacer\"><\/div>\n\n\n\n<h2 class=\"wp-block-heading\">Hinweise zur Verj\u00e4hrungsfrist f\u00fcr M\u00e4ngelanspr\u00fcche<\/h2>\n\n\n\n<p>Sofern nicht ausdr\u00fccklich&nbsp;individuell&nbsp;vereinbart, entspricht die Regelung f\u00fcr Verj\u00e4hrungsfristen f\u00fcr M\u00e4ngelanspr\u00fcche den Regelungen des BGB.<br>Abweichende Vereinbarungen durch AGBs werden ausdr\u00fccklich nicht anerkannt.<\/p>\n<\/div><\/div>\n","protected":false},"excerpt":{"rendered":"<p>W\u00e4hrend der Angebotsphase oder bei der Abrechnung von Dienst- und Beratungsleistungen bitten wir darum, Folgendes zu beachten: Angebote &#8230; werden bei uns am schnellsten bearbeitet, wenn sie elektronisch im PDF-Format per E-Mail an angebot@lucassen.de gesendet [&hellip;]<\/p>\n","protected":false},"author":1,"featured_media":0,"parent":523,"menu_order":142,"comment_status":"closed","ping_status":"closed","template":"","meta":{"_acf_changed":false,"footnotes":""},"class_list":["post-1088","page","type-page","status-publish","hentry"],"yoast_head":"<!-- This site is optimized with the Yoast SEO plugin v27.3 - https:\/\/yoast.com\/product\/yoast-seo-wordpress\/ -->\n<title>Dienstleister - Lucassen Consulting GmbH<\/title>\n<meta name=\"robots\" content=\"index, follow, max-snippet:-1, max-image-preview:large, max-video-preview:-1\" \/>\n<link rel=\"canonical\" href=\"https:\/\/lucassen.de\/consulting\/informationen\/dienstleister\" \/>\n<meta property=\"og:locale\" content=\"de_DE\" \/>\n<meta property=\"og:type\" content=\"article\" \/>\n<meta property=\"og:title\" content=\"Dienstleister - Lucassen Consulting GmbH\" \/>\n<meta property=\"og:description\" content=\"W\u00e4hrend der Angebotsphase oder bei der Abrechnung von Dienst- und Beratungsleistungen bitten wir darum, Folgendes zu beachten: Angebote &#8230; werden bei uns am schnellsten bearbeitet, wenn sie elektronisch im PDF-Format per E-Mail an angebot@lucassen.de gesendet [&hellip;]\" \/>\n<meta property=\"og:url\" content=\"https:\/\/lucassen.de\/consulting\/informationen\/dienstleister\" \/>\n<meta property=\"og:site_name\" content=\"Lucassen Consulting GmbH\" \/>\n<meta property=\"article:modified_time\" content=\"2025-04-21T01:39:30+00:00\" \/>\n<meta name=\"twitter:card\" content=\"summary_large_image\" \/>\n<meta name=\"twitter:label1\" content=\"Gesch\u00e4tzte Lesezeit\" \/>\n\t<meta name=\"twitter:data1\" content=\"2\u00a0Minuten\" \/>\n<script type=\"application\/ld+json\" class=\"yoast-schema-graph\">{\"@context\":\"https:\\\/\\\/schema.org\",\"@graph\":[{\"@type\":\"WebPage\",\"@id\":\"https:\\\/\\\/lucassen.de\\\/consulting\\\/informationen\\\/dienstleister\",\"url\":\"https:\\\/\\\/lucassen.de\\\/consulting\\\/informationen\\\/dienstleister\",\"name\":\"Dienstleister - Lucassen Consulting GmbH\",\"isPartOf\":{\"@id\":\"https:\\\/\\\/lucassen.de\\\/consulting\\\/#website\"},\"primaryImageOfPage\":{\"@id\":\"https:\\\/\\\/lucassen.de\\\/consulting\\\/informationen\\\/dienstleister#primaryimage\"},\"image\":{\"@id\":\"https:\\\/\\\/lucassen.de\\\/consulting\\\/informationen\\\/dienstleister#primaryimage\"},\"thumbnailUrl\":\"https:\\\/\\\/lucassen.de\\\/hausverwaltung\\\/wp-content\\\/uploads\\\/sites\\\/3\\\/measuring-device-2087425_1920.jpg\",\"datePublished\":\"2025-04-21T00:58:19+00:00\",\"dateModified\":\"2025-04-21T01:39:30+00:00\",\"breadcrumb\":{\"@id\":\"https:\\\/\\\/lucassen.de\\\/consulting\\\/informationen\\\/dienstleister#breadcrumb\"},\"inLanguage\":\"de\",\"potentialAction\":[{\"@type\":\"ReadAction\",\"target\":[\"https:\\\/\\\/lucassen.de\\\/consulting\\\/informationen\\\/dienstleister\"]}]},{\"@type\":\"ImageObject\",\"inLanguage\":\"de\",\"@id\":\"https:\\\/\\\/lucassen.de\\\/consulting\\\/informationen\\\/dienstleister#primaryimage\",\"url\":\"https:\\\/\\\/lucassen.de\\\/hausverwaltung\\\/wp-content\\\/uploads\\\/sites\\\/3\\\/measuring-device-2087425_1920.jpg\",\"contentUrl\":\"https:\\\/\\\/lucassen.de\\\/hausverwaltung\\\/wp-content\\\/uploads\\\/sites\\\/3\\\/measuring-device-2087425_1920.jpg\"},{\"@type\":\"BreadcrumbList\",\"@id\":\"https:\\\/\\\/lucassen.de\\\/consulting\\\/informationen\\\/dienstleister#breadcrumb\",\"itemListElement\":[{\"@type\":\"ListItem\",\"position\":1,\"name\":\"Startseite\",\"item\":\"https:\\\/\\\/lucassen.de\\\/consulting\\\/\"},{\"@type\":\"ListItem\",\"position\":2,\"name\":\"Informationen\",\"item\":\"https:\\\/\\\/lucassen.de\\\/consulting\\\/informationen\"},{\"@type\":\"ListItem\",\"position\":3,\"name\":\"Dienstleister\"}]},{\"@type\":\"WebSite\",\"@id\":\"https:\\\/\\\/lucassen.de\\\/consulting\\\/#website\",\"url\":\"https:\\\/\\\/lucassen.de\\\/consulting\\\/\",\"name\":\"Lucassen Consulting GmbH\",\"description\":\"\",\"publisher\":{\"@id\":\"https:\\\/\\\/lucassen.de\\\/consulting\\\/#organization\"},\"potentialAction\":[{\"@type\":\"SearchAction\",\"target\":{\"@type\":\"EntryPoint\",\"urlTemplate\":\"https:\\\/\\\/lucassen.de\\\/consulting\\\/?s={search_term_string}\"},\"query-input\":{\"@type\":\"PropertyValueSpecification\",\"valueRequired\":true,\"valueName\":\"search_term_string\"}}],\"inLanguage\":\"de\"},{\"@type\":\"Organization\",\"@id\":\"https:\\\/\\\/lucassen.de\\\/consulting\\\/#organization\",\"name\":\"Lucassen Consulting GmbH\",\"url\":\"https:\\\/\\\/lucassen.de\\\/consulting\\\/\",\"logo\":{\"@type\":\"ImageObject\",\"inLanguage\":\"de\",\"@id\":\"https:\\\/\\\/lucassen.de\\\/consulting\\\/#\\\/schema\\\/logo\\\/image\\\/\",\"url\":\"https:\\\/\\\/lucassen.de\\\/consulting\\\/wp-content\\\/uploads\\\/sites\\\/2\\\/consulting_logo_2020.png\",\"contentUrl\":\"https:\\\/\\\/lucassen.de\\\/consulting\\\/wp-content\\\/uploads\\\/sites\\\/2\\\/consulting_logo_2020.png\",\"width\":277,\"height\":249,\"caption\":\"Lucassen Consulting GmbH\"},\"image\":{\"@id\":\"https:\\\/\\\/lucassen.de\\\/consulting\\\/#\\\/schema\\\/logo\\\/image\\\/\"}}]}<\/script>\n<!-- \/ Yoast SEO plugin. -->","yoast_head_json":{"title":"Dienstleister - Lucassen Consulting GmbH","robots":{"index":"index","follow":"follow","max-snippet":"max-snippet:-1","max-image-preview":"max-image-preview:large","max-video-preview":"max-video-preview:-1"},"canonical":"https:\/\/lucassen.de\/consulting\/informationen\/dienstleister","og_locale":"de_DE","og_type":"article","og_title":"Dienstleister - Lucassen Consulting GmbH","og_description":"W\u00e4hrend der Angebotsphase oder bei der Abrechnung von Dienst- und Beratungsleistungen bitten wir darum, Folgendes zu beachten: Angebote &#8230; werden bei uns am schnellsten bearbeitet, wenn sie elektronisch im PDF-Format per E-Mail an angebot@lucassen.de gesendet [&hellip;]","og_url":"https:\/\/lucassen.de\/consulting\/informationen\/dienstleister","og_site_name":"Lucassen Consulting GmbH","article_modified_time":"2025-04-21T01:39:30+00:00","twitter_card":"summary_large_image","twitter_misc":{"Gesch\u00e4tzte Lesezeit":"2\u00a0Minuten"},"schema":{"@context":"https:\/\/schema.org","@graph":[{"@type":"WebPage","@id":"https:\/\/lucassen.de\/consulting\/informationen\/dienstleister","url":"https:\/\/lucassen.de\/consulting\/informationen\/dienstleister","name":"Dienstleister - Lucassen Consulting GmbH","isPartOf":{"@id":"https:\/\/lucassen.de\/consulting\/#website"},"primaryImageOfPage":{"@id":"https:\/\/lucassen.de\/consulting\/informationen\/dienstleister#primaryimage"},"image":{"@id":"https:\/\/lucassen.de\/consulting\/informationen\/dienstleister#primaryimage"},"thumbnailUrl":"https:\/\/lucassen.de\/hausverwaltung\/wp-content\/uploads\/sites\/3\/measuring-device-2087425_1920.jpg","datePublished":"2025-04-21T00:58:19+00:00","dateModified":"2025-04-21T01:39:30+00:00","breadcrumb":{"@id":"https:\/\/lucassen.de\/consulting\/informationen\/dienstleister#breadcrumb"},"inLanguage":"de","potentialAction":[{"@type":"ReadAction","target":["https:\/\/lucassen.de\/consulting\/informationen\/dienstleister"]}]},{"@type":"ImageObject","inLanguage":"de","@id":"https:\/\/lucassen.de\/consulting\/informationen\/dienstleister#primaryimage","url":"https:\/\/lucassen.de\/hausverwaltung\/wp-content\/uploads\/sites\/3\/measuring-device-2087425_1920.jpg","contentUrl":"https:\/\/lucassen.de\/hausverwaltung\/wp-content\/uploads\/sites\/3\/measuring-device-2087425_1920.jpg"},{"@type":"BreadcrumbList","@id":"https:\/\/lucassen.de\/consulting\/informationen\/dienstleister#breadcrumb","itemListElement":[{"@type":"ListItem","position":1,"name":"Startseite","item":"https:\/\/lucassen.de\/consulting\/"},{"@type":"ListItem","position":2,"name":"Informationen","item":"https:\/\/lucassen.de\/consulting\/informationen"},{"@type":"ListItem","position":3,"name":"Dienstleister"}]},{"@type":"WebSite","@id":"https:\/\/lucassen.de\/consulting\/#website","url":"https:\/\/lucassen.de\/consulting\/","name":"Lucassen Consulting GmbH","description":"","publisher":{"@id":"https:\/\/lucassen.de\/consulting\/#organization"},"potentialAction":[{"@type":"SearchAction","target":{"@type":"EntryPoint","urlTemplate":"https:\/\/lucassen.de\/consulting\/?s={search_term_string}"},"query-input":{"@type":"PropertyValueSpecification","valueRequired":true,"valueName":"search_term_string"}}],"inLanguage":"de"},{"@type":"Organization","@id":"https:\/\/lucassen.de\/consulting\/#organization","name":"Lucassen Consulting GmbH","url":"https:\/\/lucassen.de\/consulting\/","logo":{"@type":"ImageObject","inLanguage":"de","@id":"https:\/\/lucassen.de\/consulting\/#\/schema\/logo\/image\/","url":"https:\/\/lucassen.de\/consulting\/wp-content\/uploads\/sites\/2\/consulting_logo_2020.png","contentUrl":"https:\/\/lucassen.de\/consulting\/wp-content\/uploads\/sites\/2\/consulting_logo_2020.png","width":277,"height":249,"caption":"Lucassen Consulting GmbH"},"image":{"@id":"https:\/\/lucassen.de\/consulting\/#\/schema\/logo\/image\/"}}]}},"acf":[],"_links":{"self":[{"href":"https:\/\/lucassen.de\/consulting\/wp-json\/wp\/v2\/pages\/1088","targetHints":{"allow":["GET"]}}],"collection":[{"href":"https:\/\/lucassen.de\/consulting\/wp-json\/wp\/v2\/pages"}],"about":[{"href":"https:\/\/lucassen.de\/consulting\/wp-json\/wp\/v2\/types\/page"}],"author":[{"embeddable":true,"href":"https:\/\/lucassen.de\/consulting\/wp-json\/wp\/v2\/users\/1"}],"replies":[{"embeddable":true,"href":"https:\/\/lucassen.de\/consulting\/wp-json\/wp\/v2\/comments?post=1088"}],"version-history":[{"count":3,"href":"https:\/\/lucassen.de\/consulting\/wp-json\/wp\/v2\/pages\/1088\/revisions"}],"predecessor-version":[{"id":1095,"href":"https:\/\/lucassen.de\/consulting\/wp-json\/wp\/v2\/pages\/1088\/revisions\/1095"}],"up":[{"embeddable":true,"href":"https:\/\/lucassen.de\/consulting\/wp-json\/wp\/v2\/pages\/523"}],"wp:attachment":[{"href":"https:\/\/lucassen.de\/consulting\/wp-json\/wp\/v2\/media?parent=1088"}],"curies":[{"name":"wp","href":"https:\/\/api.w.org\/{rel}","templated":true}]}}