{"id":20202781,"date":"2024-11-15T16:04:38","date_gmt":"2024-11-15T15:04:38","guid":{"rendered":"https:\/\/lucassen.de\/hausverwaltung\/?page_id=20202781"},"modified":"2025-09-26T10:38:50","modified_gmt":"2025-09-26T08:38:50","slug":"dienstleister","status":"publish","type":"page","link":"https:\/\/lucassen.de\/hausverwaltung\/informationen\/dienstleister","title":{"rendered":"Dienstleister"},"content":{"rendered":"\n<div class=\"wp-block-cover\" style=\"min-height:40vh;aspect-ratio:unset;\" id=\"top\"><img loading=\"lazy\" decoding=\"async\" width=\"1920\" height=\"1280\" class=\"wp-block-cover__image-background wp-image-20203098\" alt=\"\" src=\"https:\/\/lucassen.de\/hausverwaltung\/wp-content\/uploads\/sites\/3\/measuring-device-2087425_1920.jpg\" style=\"object-position:50% 0%\" data-object-fit=\"cover\" data-object-position=\"50% 0%\" srcset=\"https:\/\/lucassen.de\/hausverwaltung\/wp-content\/uploads\/sites\/3\/measuring-device-2087425_1920.jpg 1920w, https:\/\/lucassen.de\/hausverwaltung\/wp-content\/uploads\/sites\/3\/measuring-device-2087425_1920-800x533.jpg 800w, https:\/\/lucassen.de\/hausverwaltung\/wp-content\/uploads\/sites\/3\/measuring-device-2087425_1920-1600x1067.jpg 1600w, https:\/\/lucassen.de\/hausverwaltung\/wp-content\/uploads\/sites\/3\/measuring-device-2087425_1920-768x512.jpg 768w, https:\/\/lucassen.de\/hausverwaltung\/wp-content\/uploads\/sites\/3\/measuring-device-2087425_1920-1536x1024.jpg 1536w, https:\/\/lucassen.de\/hausverwaltung\/wp-content\/uploads\/sites\/3\/measuring-device-2087425_1920-300x200.jpg 300w, https:\/\/lucassen.de\/hausverwaltung\/wp-content\/uploads\/sites\/3\/measuring-device-2087425_1920-1024x683.jpg 1024w\" sizes=\"auto, (max-width: 1920px) 100vw, 1920px\" \/><span aria-hidden=\"true\" class=\"wp-block-cover__background has-background-dim-90 has-background-dim wp-block-cover__gradient-background has-background-gradient\" style=\"background:linear-gradient(140deg,rgb(52,72,94) 0%,rgba(52,72,94,0.89) 51%,rgba(52,72,94,0.41) 100%)\"><\/span><div class=\"wp-block-cover__inner-container is-layout-constrained wp-container-core-cover-is-layout-48c9aa2a wp-block-cover-is-layout-constrained\">\n<div class=\"wp-block-group\"><div class=\"wp-block-group__inner-container is-layout-flow wp-block-group-is-layout-flow\">\n<h1 class=\"wp-block-heading\">Informationen f\u00fcr Dienstleister<\/h1>\n<\/div><\/div>\n<\/div><\/div>\n\n\n\n<div id=\"text\" class=\"wp-block-group\"><div class=\"wp-block-group__inner-container is-layout-constrained wp-block-group-is-layout-constrained\">\n<p>W\u00e4hrend der Angebotsphase oder bei der Abrechnung von Dienstleistungen bitten wir darum, Folgendes zu beachten:<\/p>\n\n\n\n<figure class=\"wp-block-table\"><table class=\"has-fixed-layout\"><thead><tr><th>Angebote<\/th><th>Rechnungen<\/th><\/tr><\/thead><tbody><tr><td colspan=\"2\"><center>&#8230; werden bei uns am schnellsten bearbeitet, wenn Sie sie &#8230;<\/center><\/td><\/tr><tr><td>&#8230; elektronisch im <a href=\"https:\/\/de.wikipedia.org\/wiki\/Portable_Document_Format\" target=\"_blank\" rel=\"noreferrer noopener\">PDF<\/a>-Format per E-Mail an <a href=\"mailto:angebot@lucassen.de\" target=\"_blank\" rel=\"noreferrer noopener\">angebot@lucassen.de<\/a> senden.<br><br>Bitte geben Sie im Betreff immer die genaue Adresse des Bauvorhabens an.<br><br>Angebote k\u00f6nnen alternativ auch per <a href=\"https:\/\/de.wikipedia.org\/wiki\/WhatsApp\" target=\"_blank\" rel=\"noreferrer noopener\">WhatsApp<\/a> oder <a href=\"https:\/\/de.wikipedia.org\/wiki\/IMessage\" target=\"_blank\" rel=\"noreferrer noopener\">iMessage<\/a> \u00fcbermittelt werden, wenn sie im <a href=\"https:\/\/de.wikipedia.org\/wiki\/Portable_Document_Format\" target=\"_blank\" rel=\"noreferrer noopener\">PDF<\/a>-Format vorliegen.<\/td><td>&#8230; als <a href=\"https:\/\/www.e-rechnung-bund.de\" target=\"_blank\" rel=\"noreferrer noopener\">E\u2011Rechnung<\/a> (EN 16931) im <a href=\"https:\/\/de.wikipedia.org\/wiki\/ZUGFeRD\" target=\"_blank\" rel=\"noreferrer noopener\">ZUGFeRD<\/a>&#8211; oder <a href=\"https:\/\/de.wikipedia.org\/wiki\/XRechnung\" target=\"_blank\" rel=\"noreferrer noopener\">XRechnung<\/a>-Format (siehe hierzu auch: <a href=\"https:\/\/lucassen.de\/hausverwaltung\/die-empfangspflicht-fuer-e-rechnungen-gilt-ab-01-01-2025-auch-fuer-vermieter.html\" target=\"_blank\" rel=\"noreferrer noopener\"><em>Die Empfangspflicht f\u00fcr E-Rechnungen gilt ab 01.01.2025 auch f\u00fcr Vermieter<\/em><\/a>) per E-Mail an <a href=\"mailto:rechnung@lucassen.de\" target=\"_blank\" rel=\"noreferrer noopener\">rechnung@lucassen.de<\/a> senden.<br><br>Bitte geben Sie im Betreff immer die genaue Adresse des Bauvorhabens an.<br><br><a href=\"https:\/\/www.e-rechnung-bund.de\" target=\"_blank\" rel=\"noreferrer noopener\">E\u2011Rechnungen<\/a> (EN 16931) k\u00f6nnen alternativ auch per <a href=\"https:\/\/de.wikipedia.org\/wiki\/WhatsApp\" target=\"_blank\" rel=\"noreferrer noopener\">WhatsApp<\/a> oder <a href=\"https:\/\/de.wikipedia.org\/wiki\/IMessage\" target=\"_blank\" rel=\"noreferrer noopener\">iMessage<\/a> \u00fcbermittelt werden, wenn sie im <a href=\"https:\/\/de.wikipedia.org\/wiki\/Portable_Document_Format\"><\/a><a href=\"https:\/\/de.wikipedia.org\/wiki\/ZUGFeRD\" target=\"_blank\" rel=\"noreferrer noopener\">ZUGFeRD<\/a>&#8211; oder <a href=\"https:\/\/de.wikipedia.org\/wiki\/XRechnung\" target=\"_blank\" rel=\"noreferrer noopener\">XRechnung<\/a>-Format vorliegen.<\/td><\/tr><\/tbody><tfoot><tr><td colspan=\"2\"><center><mark style=\"background-color:rgba(0, 0, 0, 0)\" class=\"has-inline-color has-vivid-red-color\"><center>Nicht bearbeitet werden Angebote oder Rechnunge, die per Telefax oder digital in Bildformaten (wie z.B. jpg, jpeg, gif, png, &#8230;) \u00fcbermittelt werden.<\/center><\/mark><\/center><\/td><\/tr><\/tfoot><\/table><\/figure>\n\n\n\n<div style=\"height:1rem\" aria-hidden=\"true\" class=\"wp-block-spacer\"><\/div>\n\n\n\n<h2 class=\"wp-block-heading\">Angebots- und Rechnungsanschrift f\u00fcr &#8230;<\/h2>\n\n\n\n<div class=\"wp-block-columns is-layout-flex wp-container-core-columns-is-layout-9d6595d7 wp-block-columns-is-layout-flex\">\n<div class=\"wp-block-column is-layout-flow wp-block-column-is-layout-flow\">\n<p><a href=\"https:\/\/lucassen.de\/hausverwaltung\/miet-objekte\"><strong>Mietobjekte<\/strong><\/a><\/p>\n\n\n\n<ul class=\"wp-block-list\">\n<li><ul><li><a href=\"https:\/\/lucassen.de\/hausverwaltung\/miet-objekte\/krefeld\/erich-klausener-strasse-85\">Erich-Klausener-Stra\u00dfe 85<\/a><\/li><\/ul><\/li>\n\n\n\n<li><ul><li><a href=\"https:\/\/lucassen.de\/hausverwaltung\/miet-objekte\/rheinhausen\/hochemmericher-str-4\">Hochemmericher Str. 4<\/a><\/li><\/ul><\/li>\n\n\n\n<li><ul><li><a href=\"https:\/\/lucassen.de\/hausverwaltung\/miet-objekte\/rheinhausen\/hochemmericher-str-15\">Hochemmericher Str. 15<\/a><\/li><\/ul><\/li>\n\n\n\n<li><ul><li>Klever Str. <a href=\"https:\/\/lucassen.de\/hausverwaltung\/miet-objekte\/moers\/klever-str-51\">51<\/a>, <a href=\"https:\/\/lucassen.de\/hausverwaltung\/miet-objekte\/moers\/klever-str-53\">53<\/a>, <a href=\"https:\/\/lucassen.de\/hausverwaltung\/miet-objekte\/moers\/klever-str-55\">55<\/a>, <a href=\"https:\/\/lucassen.de\/hausverwaltung\/miet-objekte\/moers\/klever-str-57\">57<\/a>, <a href=\"https:\/\/lucassen.de\/hausverwaltung\/miet-objekte\/moers\/klever-str-59\">59<\/a><\/li><\/ul><\/li>\n\n\n\n<li><ul><li><a href=\"https:\/\/lucassen.de\/hausverwaltung\/miet-objekte\/krefeld\/mergelskull-19\">Mergelskull 19<\/a><\/li><\/ul><\/li>\n<\/ul>\n\n\n\n<div style=\"height:1rem\" aria-hidden=\"true\" class=\"wp-block-spacer\"><\/div>\n\n\n\n<p><strong>Edeltraud Lucassen<br>Erich-Klausener-Stra\u00dfe 85<br>47802 Krefeld<\/strong><\/p>\n<\/div>\n\n\n\n<div class=\"wp-block-column is-layout-flow wp-block-column-is-layout-flow\">\n<p><a href=\"https:\/\/lucassen.de\/hausverwaltung\/gewerbe-objekte\"><strong>Gewerbeobjekte<\/strong><\/a><\/p>\n\n\n\n<ul class=\"wp-block-list\">\n<li><ul><li><a href=\"https:\/\/lucassen.de\/hausverwaltung\/gewerbe-objekte\/hochemmericher-str-4-8\">Hochemmericher Str. 4-8<\/a><\/li><\/ul><\/li>\n\n\n\n<li><ul><li><a href=\"https:\/\/lucassen.de\/hausverwaltung\/gewerbe-objekte\/hochemmericher-str-9\">Hochemmericher Str. 9<\/a><\/li><\/ul><\/li>\n\n\n\n<li><ul><li><a href=\"https:\/\/lucassen.de\/hausverwaltung\/gewerbe-objekte\/im-kirling-3\">Im Kirling 3<\/a><\/li><\/ul><\/li>\n<\/ul>\n\n\n\n<div style=\"height:4rem\" aria-hidden=\"true\" class=\"wp-block-spacer\"><\/div>\n\n\n\n<p><strong>Lucassen GmbH &amp; Co. KG<br>Erich-Klausener-Stra\u00dfe 85<br>47802 Krefeld<\/strong><\/p>\n<\/div>\n<\/div>\n\n\n\n<div style=\"height:1rem\" aria-hidden=\"true\" class=\"wp-block-spacer\"><\/div>\n\n\n\n<h2 class=\"wp-block-heading\">Dokumentenversand per E-Mail<\/h2>\n\n\n\n<p>Dokumente sowohl f\u00fcr unsere Miet- als auch Gewerbeobjekte senden Sie bitte ausschlie\u00dflich an folgende E-Mail Adressen:<\/p>\n\n\n\n<figure class=\"wp-block-table is-style-regular\"><table class=\"has-fixed-layout\" border=0><thead><tr><th class=\"has-text-align-left\" data-align=\"left\"><strong>Angebote<\/strong><\/th><th class=\"has-text-align-left\" data-align=\"left\"><strong>Rechnungen<\/strong><\/th><th class=\"has-text-align-left\" data-align=\"left\">sonstige Dokumente<\/th><\/tr><\/thead><tbody><tr><td class=\"has-text-align-left\" data-align=\"left\">im PDF-Format<\/td><td class=\"has-text-align-left\" data-align=\"left\">im PDF-Format<\/td><td class=\"has-text-align-left\" data-align=\"left\">die weder Rechnungen noch Angebote sind, z.B. Bescheinigungen, Bescheide, Korrespondenz, \u2026.<\/td><\/tr><\/tbody><tfoot><tr><td class=\"has-text-align-left\" data-align=\"left\">per E-Mail an:<br><a href=\"mailto:angebot@lucassen.de\" target=\"_blank\" rel=\"noreferrer noopener\">angebot@lucassen.de<\/a><\/td><td class=\"has-text-align-left\" data-align=\"left\">per E-Mail an:<br><a href=\"mailto:rechnung@lucassen.de\" target=\"_blank\" rel=\"noreferrer noopener\">rechnung@lucassen.de<\/a><\/td><td class=\"has-text-align-left\" data-align=\"left\">per E-Mail an:<br><a href=\"mailto:rechnung@lucassen.de\">hausverwaltung@lucassen.de<\/a><\/td><\/tr><\/tfoot><\/table><\/figure>\n\n\n\n<div style=\"height:1rem\" aria-hidden=\"true\" class=\"wp-block-spacer\"><\/div>\n\n\n\n<h2 class=\"wp-block-heading\">Bezeichnung des Bauvorhabens<\/h2>\n\n\n\n<p>Bitte in den Dokumenten (Angebot, Rechnung)  immer die vollst\u00e4ndige Adresse (inkl. Wohnung\/B\u00fcro\/&#8230;) des Bauvorhabens angeben, z.B.<br><em>3. OG rechts, Klever Stra\u00dfe 51, 47441 Moers<\/em><\/p>\n\n\n\n<div style=\"height:1rem\" aria-hidden=\"true\" class=\"wp-block-spacer\"><\/div>\n\n\n\n<h2 class=\"wp-block-heading\">Bezeichnung der Leistung<\/h2>\n\n\n\n<p>Die geleistete Arbeit muss hinreichend detailliert beschrieben und verwendete Materialen mit den Herstellerbezeichnungen aufgelistet werden.<br>Pauschalpreise werden nur akzeptiert, wenn diese ausdr\u00fccklich vorher vereinbart wurden.<\/p>\n\n\n\n<div style=\"height:1rem\" aria-hidden=\"true\" class=\"wp-block-spacer\"><\/div>\n\n\n\n<h2 class=\"wp-block-heading\">Ausweis des Arbeitslohns<\/h2>\n\n\n\n<p>Der Arbeitslohn im Sinne des&nbsp;<a href=\"https:\/\/www.gesetze-im-internet.de\/estg\/__35a.html\" target=\"_blank\" rel=\"noreferrer noopener\">\u00a7 35a EStG<\/a>&nbsp;muss&nbsp;ausgewiesen sein, idealerweise separat als Bruttobetrag und unter ausdr\u00fccklichem Hinweis auf \u00a7 35a.<\/p>\n\n\n\n<div style=\"height:1rem\" aria-hidden=\"true\" class=\"wp-block-spacer\"><\/div>\n\n\n\n<h2 class=\"wp-block-heading\">Abschlagszahlungen<\/h2>\n\n\n\n<p>Akontozahlungen nach Arbeitsfortschritt sind nach vorheriger Vereinbarung m\u00f6glich.<\/p>\n\n\n\n<div style=\"height:1rem\" aria-hidden=\"true\" class=\"wp-block-spacer\"><\/div>\n\n\n\n<h2 class=\"wp-block-heading\">Hinweise zur Verj\u00e4hrungsfrist f\u00fcr M\u00e4ngelanspr\u00fcche<\/h2>\n\n\n\n<p>Sofern nicht ausdr\u00fccklich&nbsp;individuell&nbsp;vereinbart, entspricht die Regelung f\u00fcr Verj\u00e4hrungsfristen f\u00fcr M\u00e4ngelanspr\u00fcche den Regelungen des BGB.<br>Abweichende Vereinbarungen durch AGBs werden ausdr\u00fccklich nicht anerkannt.<\/p>\n<\/div><\/div>\n","protected":false},"excerpt":{"rendered":"<p>W\u00e4hrend der Angebotsphase oder bei der Abrechnung von Dienstleistungen bitten wir darum, Folgendes zu beachten: Angebote Rechnungen &#8230; werden bei uns am schnellsten bearbeitet, wenn Sie sie &#8230; &#8230; elektronisch im PDF-Format per E-Mail an [&hellip;]<\/p>\n","protected":false},"author":1,"featured_media":0,"parent":20,"menu_order":320,"comment_status":"closed","ping_status":"closed","template":"","meta":{"_acf_changed":false,"footnotes":""},"class_list":["post-20202781","page","type-page","status-publish","hentry"],"yoast_head":"<!-- This site is optimized with the Yoast SEO plugin v27.3 - https:\/\/yoast.com\/product\/yoast-seo-wordpress\/ -->\n<title>Dienstleister - Lucassen Hausverwaltung<\/title>\n<meta name=\"robots\" content=\"index, follow, max-snippet:-1, max-image-preview:large, max-video-preview:-1\" \/>\n<link rel=\"canonical\" href=\"https:\/\/lucassen.de\/hausverwaltung\/informationen\/dienstleister\" \/>\n<meta property=\"og:locale\" content=\"de_DE\" \/>\n<meta property=\"og:type\" content=\"article\" \/>\n<meta property=\"og:title\" content=\"Dienstleister - Lucassen Hausverwaltung\" \/>\n<meta property=\"og:description\" content=\"W\u00e4hrend der Angebotsphase oder bei der Abrechnung von Dienstleistungen bitten wir darum, Folgendes zu beachten: Angebote Rechnungen &#8230; werden bei uns am schnellsten bearbeitet, wenn Sie sie &#8230; &#8230; elektronisch im PDF-Format per E-Mail an [&hellip;]\" \/>\n<meta property=\"og:url\" content=\"https:\/\/lucassen.de\/hausverwaltung\/informationen\/dienstleister\" \/>\n<meta property=\"og:site_name\" content=\"Lucassen Hausverwaltung\" \/>\n<meta property=\"article:modified_time\" content=\"2025-09-26T08:38:50+00:00\" \/>\n<meta property=\"og:image\" content=\"https:\/\/lucassen.de\/hausverwaltung\/wp-content\/uploads\/sites\/3\/measuring-device-2087425_1920.jpg\" \/>\n\t<meta property=\"og:image:width\" content=\"1920\" \/>\n\t<meta property=\"og:image:height\" content=\"1280\" \/>\n\t<meta property=\"og:image:type\" content=\"image\/jpeg\" \/>\n<meta name=\"twitter:card\" content=\"summary_large_image\" \/>\n<meta name=\"twitter:label1\" content=\"Gesch\u00e4tzte Lesezeit\" \/>\n\t<meta name=\"twitter:data1\" content=\"3\u00a0Minuten\" \/>\n<script type=\"application\/ld+json\" class=\"yoast-schema-graph\">{\"@context\":\"https:\\\/\\\/schema.org\",\"@graph\":[{\"@type\":\"WebPage\",\"@id\":\"https:\\\/\\\/lucassen.de\\\/hausverwaltung\\\/informationen\\\/dienstleister\",\"url\":\"https:\\\/\\\/lucassen.de\\\/hausverwaltung\\\/informationen\\\/dienstleister\",\"name\":\"Dienstleister - Lucassen Hausverwaltung\",\"isPartOf\":{\"@id\":\"https:\\\/\\\/lucassen.de\\\/hausverwaltung\\\/#website\"},\"primaryImageOfPage\":{\"@id\":\"https:\\\/\\\/lucassen.de\\\/hausverwaltung\\\/informationen\\\/dienstleister#primaryimage\"},\"image\":{\"@id\":\"https:\\\/\\\/lucassen.de\\\/hausverwaltung\\\/informationen\\\/dienstleister#primaryimage\"},\"thumbnailUrl\":\"https:\\\/\\\/lucassen.de\\\/hausverwaltung\\\/wp-content\\\/uploads\\\/sites\\\/3\\\/measuring-device-2087425_1920.jpg\",\"datePublished\":\"2024-11-15T15:04:38+00:00\",\"dateModified\":\"2025-09-26T08:38:50+00:00\",\"breadcrumb\":{\"@id\":\"https:\\\/\\\/lucassen.de\\\/hausverwaltung\\\/informationen\\\/dienstleister#breadcrumb\"},\"inLanguage\":\"de\",\"potentialAction\":[{\"@type\":\"ReadAction\",\"target\":[\"https:\\\/\\\/lucassen.de\\\/hausverwaltung\\\/informationen\\\/dienstleister\"]}]},{\"@type\":\"ImageObject\",\"inLanguage\":\"de\",\"@id\":\"https:\\\/\\\/lucassen.de\\\/hausverwaltung\\\/informationen\\\/dienstleister#primaryimage\",\"url\":\"https:\\\/\\\/lucassen.de\\\/hausverwaltung\\\/wp-content\\\/uploads\\\/sites\\\/3\\\/measuring-device-2087425_1920.jpg\",\"contentUrl\":\"https:\\\/\\\/lucassen.de\\\/hausverwaltung\\\/wp-content\\\/uploads\\\/sites\\\/3\\\/measuring-device-2087425_1920.jpg\",\"width\":1920,\"height\":1280},{\"@type\":\"BreadcrumbList\",\"@id\":\"https:\\\/\\\/lucassen.de\\\/hausverwaltung\\\/informationen\\\/dienstleister#breadcrumb\",\"itemListElement\":[{\"@type\":\"ListItem\",\"position\":1,\"name\":\"Startseite\",\"item\":\"https:\\\/\\\/lucassen.de\\\/hausverwaltung\\\/\"},{\"@type\":\"ListItem\",\"position\":2,\"name\":\"Informationen\",\"item\":\"https:\\\/\\\/lucassen.de\\\/hausverwaltung\\\/informationen\"},{\"@type\":\"ListItem\",\"position\":3,\"name\":\"Dienstleister\"}]},{\"@type\":\"WebSite\",\"@id\":\"https:\\\/\\\/lucassen.de\\\/hausverwaltung\\\/#website\",\"url\":\"https:\\\/\\\/lucassen.de\\\/hausverwaltung\\\/\",\"name\":\"Lucassen Hausverwaltung\",\"description\":\"\",\"publisher\":{\"@id\":\"https:\\\/\\\/lucassen.de\\\/hausverwaltung\\\/#organization\"},\"potentialAction\":[{\"@type\":\"SearchAction\",\"target\":{\"@type\":\"EntryPoint\",\"urlTemplate\":\"https:\\\/\\\/lucassen.de\\\/hausverwaltung\\\/?s={search_term_string}\"},\"query-input\":{\"@type\":\"PropertyValueSpecification\",\"valueRequired\":true,\"valueName\":\"search_term_string\"}}],\"inLanguage\":\"de\"},{\"@type\":\"Organization\",\"@id\":\"https:\\\/\\\/lucassen.de\\\/hausverwaltung\\\/#organization\",\"name\":\"Lucassen Hausverwaltung\",\"url\":\"https:\\\/\\\/lucassen.de\\\/hausverwaltung\\\/\",\"logo\":{\"@type\":\"ImageObject\",\"inLanguage\":\"de\",\"@id\":\"https:\\\/\\\/lucassen.de\\\/hausverwaltung\\\/#\\\/schema\\\/logo\\\/image\\\/\",\"url\":\"https:\\\/\\\/lucassen.de\\\/hausverwaltung\\\/wp-content\\\/uploads\\\/sites\\\/3\\\/hausverwaltung_logo_2020.png\",\"contentUrl\":\"https:\\\/\\\/lucassen.de\\\/hausverwaltung\\\/wp-content\\\/uploads\\\/sites\\\/3\\\/hausverwaltung_logo_2020.png\",\"width\":277,\"height\":249,\"caption\":\"Lucassen Hausverwaltung\"},\"image\":{\"@id\":\"https:\\\/\\\/lucassen.de\\\/hausverwaltung\\\/#\\\/schema\\\/logo\\\/image\\\/\"}}]}<\/script>\n<!-- \/ Yoast SEO plugin. -->","yoast_head_json":{"title":"Dienstleister - Lucassen Hausverwaltung","robots":{"index":"index","follow":"follow","max-snippet":"max-snippet:-1","max-image-preview":"max-image-preview:large","max-video-preview":"max-video-preview:-1"},"canonical":"https:\/\/lucassen.de\/hausverwaltung\/informationen\/dienstleister","og_locale":"de_DE","og_type":"article","og_title":"Dienstleister - Lucassen Hausverwaltung","og_description":"W\u00e4hrend der Angebotsphase oder bei der Abrechnung von Dienstleistungen bitten wir darum, Folgendes zu beachten: Angebote Rechnungen &#8230; werden bei uns am schnellsten bearbeitet, wenn Sie sie &#8230; &#8230; elektronisch im PDF-Format per E-Mail an [&hellip;]","og_url":"https:\/\/lucassen.de\/hausverwaltung\/informationen\/dienstleister","og_site_name":"Lucassen Hausverwaltung","article_modified_time":"2025-09-26T08:38:50+00:00","og_image":[{"width":1920,"height":1280,"url":"https:\/\/lucassen.de\/hausverwaltung\/wp-content\/uploads\/sites\/3\/measuring-device-2087425_1920.jpg","type":"image\/jpeg"}],"twitter_card":"summary_large_image","twitter_misc":{"Gesch\u00e4tzte Lesezeit":"3\u00a0Minuten"},"schema":{"@context":"https:\/\/schema.org","@graph":[{"@type":"WebPage","@id":"https:\/\/lucassen.de\/hausverwaltung\/informationen\/dienstleister","url":"https:\/\/lucassen.de\/hausverwaltung\/informationen\/dienstleister","name":"Dienstleister - Lucassen Hausverwaltung","isPartOf":{"@id":"https:\/\/lucassen.de\/hausverwaltung\/#website"},"primaryImageOfPage":{"@id":"https:\/\/lucassen.de\/hausverwaltung\/informationen\/dienstleister#primaryimage"},"image":{"@id":"https:\/\/lucassen.de\/hausverwaltung\/informationen\/dienstleister#primaryimage"},"thumbnailUrl":"https:\/\/lucassen.de\/hausverwaltung\/wp-content\/uploads\/sites\/3\/measuring-device-2087425_1920.jpg","datePublished":"2024-11-15T15:04:38+00:00","dateModified":"2025-09-26T08:38:50+00:00","breadcrumb":{"@id":"https:\/\/lucassen.de\/hausverwaltung\/informationen\/dienstleister#breadcrumb"},"inLanguage":"de","potentialAction":[{"@type":"ReadAction","target":["https:\/\/lucassen.de\/hausverwaltung\/informationen\/dienstleister"]}]},{"@type":"ImageObject","inLanguage":"de","@id":"https:\/\/lucassen.de\/hausverwaltung\/informationen\/dienstleister#primaryimage","url":"https:\/\/lucassen.de\/hausverwaltung\/wp-content\/uploads\/sites\/3\/measuring-device-2087425_1920.jpg","contentUrl":"https:\/\/lucassen.de\/hausverwaltung\/wp-content\/uploads\/sites\/3\/measuring-device-2087425_1920.jpg","width":1920,"height":1280},{"@type":"BreadcrumbList","@id":"https:\/\/lucassen.de\/hausverwaltung\/informationen\/dienstleister#breadcrumb","itemListElement":[{"@type":"ListItem","position":1,"name":"Startseite","item":"https:\/\/lucassen.de\/hausverwaltung\/"},{"@type":"ListItem","position":2,"name":"Informationen","item":"https:\/\/lucassen.de\/hausverwaltung\/informationen"},{"@type":"ListItem","position":3,"name":"Dienstleister"}]},{"@type":"WebSite","@id":"https:\/\/lucassen.de\/hausverwaltung\/#website","url":"https:\/\/lucassen.de\/hausverwaltung\/","name":"Lucassen Hausverwaltung","description":"","publisher":{"@id":"https:\/\/lucassen.de\/hausverwaltung\/#organization"},"potentialAction":[{"@type":"SearchAction","target":{"@type":"EntryPoint","urlTemplate":"https:\/\/lucassen.de\/hausverwaltung\/?s={search_term_string}"},"query-input":{"@type":"PropertyValueSpecification","valueRequired":true,"valueName":"search_term_string"}}],"inLanguage":"de"},{"@type":"Organization","@id":"https:\/\/lucassen.de\/hausverwaltung\/#organization","name":"Lucassen Hausverwaltung","url":"https:\/\/lucassen.de\/hausverwaltung\/","logo":{"@type":"ImageObject","inLanguage":"de","@id":"https:\/\/lucassen.de\/hausverwaltung\/#\/schema\/logo\/image\/","url":"https:\/\/lucassen.de\/hausverwaltung\/wp-content\/uploads\/sites\/3\/hausverwaltung_logo_2020.png","contentUrl":"https:\/\/lucassen.de\/hausverwaltung\/wp-content\/uploads\/sites\/3\/hausverwaltung_logo_2020.png","width":277,"height":249,"caption":"Lucassen Hausverwaltung"},"image":{"@id":"https:\/\/lucassen.de\/hausverwaltung\/#\/schema\/logo\/image\/"}}]}},"acf":[],"_links":{"self":[{"href":"https:\/\/lucassen.de\/hausverwaltung\/wp-json\/wp\/v2\/pages\/20202781","targetHints":{"allow":["GET"]}}],"collection":[{"href":"https:\/\/lucassen.de\/hausverwaltung\/wp-json\/wp\/v2\/pages"}],"about":[{"href":"https:\/\/lucassen.de\/hausverwaltung\/wp-json\/wp\/v2\/types\/page"}],"author":[{"embeddable":true,"href":"https:\/\/lucassen.de\/hausverwaltung\/wp-json\/wp\/v2\/users\/1"}],"replies":[{"embeddable":true,"href":"https:\/\/lucassen.de\/hausverwaltung\/wp-json\/wp\/v2\/comments?post=20202781"}],"version-history":[{"count":95,"href":"https:\/\/lucassen.de\/hausverwaltung\/wp-json\/wp\/v2\/pages\/20202781\/revisions"}],"predecessor-version":[{"id":20207516,"href":"https:\/\/lucassen.de\/hausverwaltung\/wp-json\/wp\/v2\/pages\/20202781\/revisions\/20207516"}],"up":[{"embeddable":true,"href":"https:\/\/lucassen.de\/hausverwaltung\/wp-json\/wp\/v2\/pages\/20"}],"wp:attachment":[{"href":"https:\/\/lucassen.de\/hausverwaltung\/wp-json\/wp\/v2\/media?parent=20202781"}],"curies":[{"name":"wp","href":"https:\/\/api.w.org\/{rel}","templated":true}]}}