{"id":20202582,"date":"2024-10-29T11:03:36","date_gmt":"2024-10-29T10:03:36","guid":{"rendered":"https:\/\/lucassen.de\/hausverwaltung\/?page_id=20202582"},"modified":"2024-10-29T11:03:36","modified_gmt":"2024-10-29T10:03:36","slug":"pressemitteilungen","status":"publish","type":"page","link":"https:\/\/lucassen.de\/kiosk\/informationen\/pressemitteilungen\/","title":{"rendered":"Pressemitteilungen"},"content":{"rendered":"\n<div class=\"wp-block-cover\" style=\"min-height:40vh;aspect-ratio:unset;\"><span aria-hidden=\"true\" class=\"wp-block-cover__background has-background-dim-90 has-background-dim wp-block-cover__gradient-background has-background-gradient\" style=\"background:linear-gradient(140deg,rgb(52,72,94) 0%,rgba(52,72,94,0.89) 51%,rgba(52,72,94,0.41) 100%)\"><\/span><img decoding=\"async\" class=\"wp-block-cover__image-background wp-image-20202577\" alt=\"\" src=\"https:\/\/lucassen.de\/hausverwaltung\/wp-content\/uploads\/sites\/3\/Pressemitteilung.jpg\" style=\"object-position:50% 40%\" data-object-fit=\"cover\" data-object-position=\"50% 40%\" \/><div class=\"wp-block-cover__inner-container is-layout-constrained wp-container-core-cover-is-layout-48c9aa2a wp-block-cover-is-layout-constrained\">\n<div class=\"wp-block-group is-nowrap is-layout-flex wp-container-core-group-is-layout-ad2f72ca wp-block-group-is-layout-flex\">\n<h1 class=\"wp-block-heading\">Pressemitteilungen<\/h1>\n<\/div>\n<\/div><\/div>\n\n\n\n<div class=\"wp-block-group\"><div class=\"wp-block-group__inner-container is-layout-constrained wp-block-group-is-layout-constrained\">\n<p>Auf dieser Seite finden Sie die 12 aktuellsten Dokumente, wie Pressemitteilungen, die neuesten Urteile sowie weitere mietrechtliche Forderungen und Entwicklungen. Zus\u00e4tzlich kommentieren wir hier die aktuellen mieten- und wohnungspolitischen Themen.<\/p>\n\n\n\n<p>Eine komplette \u00dcbersicht \u00fcber alle Dokumente ist im <a href=\"https:\/\/lucassen.de\/hausverwaltung\/informationen\/pressemitteilungen\/dokumenten-archiv\">Archiv<\/a> hinterlegt.<\/p>\n\n\n\n<div style=\"height:1.5rem\" aria-hidden=\"true\" class=\"wp-block-spacer\"><\/div>\n\n\n\n<h2 class=\"wp-block-heading\">Aktuelle Mitteilungen<\/h2>\n\n\n\n<div class=\"wp-block-query is-layout-flow wp-block-query-is-layout-flow\"><ul class=\"columns-4 wp-block-post-template is-layout-grid wp-container-core-post-template-is-layout-ad2d1bf5 wp-block-post-template-is-layout-grid\"><li class=\"wp-block-post post-20206275 post type-post status-publish format-standard has-post-thumbnail hentry category-allgemein tag-abschlagszahlung tag-aufraeumarbeiten tag-beweissicherung tag-elementarschaden tag-feuer tag-gebaeudesicherheit tag-gutachter tag-hausratversicherung tag-naturgewalt tag-schadenliste tag-schadenmeldung tag-schadenminderung tag-sturm tag-versicherung tag-wasser\">\n\n<div class=\"wp-block-group\" style=\"padding-top:0;padding-right:0;padding-bottom:0;padding-left:0\"><div class=\"wp-block-group__inner-container is-layout-flow wp-block-group-is-layout-flow\">\n\n<div class=\"wp-block-post-date has-small-font-size\"><time datetime=\"2025-06-16T10:21:43+02:00\">16. Juni 2025<\/time><\/div>\n\n<h2 style=\"color:#34485e;\" class=\"has-link-color wp-elements-1109b1805be93b92537ed0437bff843e wp-block-post-title has-text-color has-medium-font-size\"><a href=\"https:\/\/lucassen.de\/kiosk\/naturgewalten-was-ist-im-ernstfall-zu-tun\/\" target=\"_self\" >Naturgewalten: Was ist im Ernstfall zu tun<\/a><\/h2><\/div><\/div>\n\n<\/li><li class=\"wp-block-post post-20205285 post type-post status-publish format-standard has-post-thumbnail hentry category-urteile tag-duschen tag-ferienwohnung tag-gebaeudesubstanz tag-hausratversicherung tag-mieter tag-mietwohnung tag-schadensersatz tag-unterkunftskosten tag-wasserschaden\">\n\n<div class=\"wp-block-group\" style=\"padding-top:0;padding-right:0;padding-bottom:0;padding-left:0\"><div class=\"wp-block-group__inner-container is-layout-flow wp-block-group-is-layout-flow\">\n\n<div class=\"wp-block-post-date has-small-font-size\"><time datetime=\"2025-06-16T08:50:03+02:00\">16. Juni 2025<\/time><\/div>\n\n<h2 style=\"color:#34485e;\" class=\"has-link-color wp-elements-1109b1805be93b92537ed0437bff843e wp-block-post-title has-text-color has-medium-font-size\"><a href=\"https:\/\/lucassen.de\/kiosk\/hausratversicherung-wasserschaden\/\" target=\"_self\" >Hausratversicherung: Wasserschaden<\/a><\/h2><\/div><\/div>\n\n<\/li><li class=\"wp-block-post post-20206255 post type-post status-publish format-standard has-post-thumbnail hentry category-steuerrecht tag-abgabefrist tag-arbeitslosengeld tag-ehepaare tag-elterngeld tag-fristverlaengerung tag-lohnersatzleistungen tag-lohnsteuerhilfeverein tag-nebeneinkuenfte tag-steuerberater tag-steuererklaerung tag-steuerklasse tag-steuerklassenkombination tag-steuerschaetzung tag-steuervorteile tag-steuerzahler tag-stichtag tag-verspaetungszuschlag\">\n\n<div class=\"wp-block-group\" style=\"padding-top:0;padding-right:0;padding-bottom:0;padding-left:0\"><div class=\"wp-block-group__inner-container is-layout-flow wp-block-group-is-layout-flow\">\n\n<div class=\"wp-block-post-date has-small-font-size\"><time datetime=\"2025-04-16T08:57:53+02:00\">16. April 2025<\/time><\/div>\n\n<h2 style=\"color:#34485e;\" class=\"has-link-color wp-elements-1109b1805be93b92537ed0437bff843e wp-block-post-title has-text-color has-medium-font-size\"><a href=\"https:\/\/lucassen.de\/kiosk\/steuererklaerung-diese-fristen-gelten\/\" target=\"_self\" >Steuererkl\u00e4rung: Diese Fristen gelten<\/a><\/h2><\/div><\/div>\n\n<\/li><\/ul><\/div>\n<\/div><\/div>\n","protected":false},"excerpt":{"rendered":"<p>Auf dieser Seite finden Sie die 12 aktuellsten Dokumente, wie Pressemitteilungen, die neuesten Urteile sowie weitere mietrechtliche Forderungen und Entwicklungen. Zus\u00e4tzlich kommentieren wir hier die aktuellen mieten- und wohnungspolitischen Themen. Eine komplette \u00dcbersicht \u00fcber alle [&hellip;]<\/p>\n","protected":false},"author":1,"featured_media":0,"parent":20,"menu_order":380,"comment_status":"closed","ping_status":"closed","template":"","meta":{"footnotes":""},"class_list":["post-20202582","page","type-page","status-publish","hentry"],"yoast_head":"<!-- This site is optimized with the Yoast SEO plugin v27.3 - https:\/\/yoast.com\/product\/yoast-seo-wordpress\/ -->\n<title>Pressemitteilungen - Lucassen Kiosk<\/title>\n<meta name=\"robots\" content=\"index, follow, max-snippet:-1, max-image-preview:large, max-video-preview:-1\" \/>\n<link rel=\"canonical\" href=\"https:\/\/lucassen.de\/kiosk\/informationen\/pressemitteilungen\/\" \/>\n<meta property=\"og:locale\" content=\"de_DE\" \/>\n<meta property=\"og:type\" content=\"article\" \/>\n<meta property=\"og:title\" content=\"Pressemitteilungen - Lucassen Kiosk\" \/>\n<meta property=\"og:description\" content=\"Auf dieser Seite finden Sie die 12 aktuellsten Dokumente, wie Pressemitteilungen, die neuesten Urteile sowie weitere mietrechtliche Forderungen und Entwicklungen. Zus\u00e4tzlich kommentieren wir hier die aktuellen mieten- und wohnungspolitischen Themen. Eine komplette \u00dcbersicht \u00fcber alle [&hellip;]\" \/>\n<meta property=\"og:url\" content=\"https:\/\/lucassen.de\/kiosk\/informationen\/pressemitteilungen\/\" \/>\n<meta property=\"og:site_name\" content=\"Lucassen Kiosk\" \/>\n<meta name=\"twitter:card\" content=\"summary_large_image\" \/>\n<meta name=\"twitter:label1\" content=\"Gesch\u00e4tzte Lesezeit\" \/>\n\t<meta name=\"twitter:data1\" content=\"1\u00a0Minute\" \/>\n<script type=\"application\/ld+json\" class=\"yoast-schema-graph\">{\"@context\":\"https:\\\/\\\/schema.org\",\"@graph\":[{\"@type\":\"WebPage\",\"@id\":\"https:\\\/\\\/lucassen.de\\\/kiosk\\\/informationen\\\/pressemitteilungen\\\/\",\"url\":\"https:\\\/\\\/lucassen.de\\\/kiosk\\\/informationen\\\/pressemitteilungen\\\/\",\"name\":\"Pressemitteilungen - Lucassen Kiosk\",\"isPartOf\":{\"@id\":\"https:\\\/\\\/lucassen.de\\\/kiosk\\\/#website\"},\"primaryImageOfPage\":{\"@id\":\"https:\\\/\\\/lucassen.de\\\/kiosk\\\/informationen\\\/pressemitteilungen\\\/#primaryimage\"},\"image\":{\"@id\":\"https:\\\/\\\/lucassen.de\\\/kiosk\\\/informationen\\\/pressemitteilungen\\\/#primaryimage\"},\"thumbnailUrl\":\"https:\\\/\\\/lucassen.de\\\/hausverwaltung\\\/wp-content\\\/uploads\\\/sites\\\/3\\\/Pressemitteilung.jpg\",\"datePublished\":\"2024-10-29T10:03:36+00:00\",\"breadcrumb\":{\"@id\":\"https:\\\/\\\/lucassen.de\\\/kiosk\\\/informationen\\\/pressemitteilungen\\\/#breadcrumb\"},\"inLanguage\":\"de\",\"potentialAction\":[{\"@type\":\"ReadAction\",\"target\":[\"https:\\\/\\\/lucassen.de\\\/kiosk\\\/informationen\\\/pressemitteilungen\\\/\"]}]},{\"@type\":\"ImageObject\",\"inLanguage\":\"de\",\"@id\":\"https:\\\/\\\/lucassen.de\\\/kiosk\\\/informationen\\\/pressemitteilungen\\\/#primaryimage\",\"url\":\"https:\\\/\\\/lucassen.de\\\/hausverwaltung\\\/wp-content\\\/uploads\\\/sites\\\/3\\\/Pressemitteilung.jpg\",\"contentUrl\":\"https:\\\/\\\/lucassen.de\\\/hausverwaltung\\\/wp-content\\\/uploads\\\/sites\\\/3\\\/Pressemitteilung.jpg\"},{\"@type\":\"BreadcrumbList\",\"@id\":\"https:\\\/\\\/lucassen.de\\\/kiosk\\\/informationen\\\/pressemitteilungen\\\/#breadcrumb\",\"itemListElement\":[{\"@type\":\"ListItem\",\"position\":1,\"name\":\"Startseite\",\"item\":\"https:\\\/\\\/lucassen.de\\\/kiosk\\\/\"},{\"@type\":\"ListItem\",\"position\":2,\"name\":\"Informationen\",\"item\":\"https:\\\/\\\/lucassen.de\\\/kiosk\\\/informationen\\\/\"},{\"@type\":\"ListItem\",\"position\":3,\"name\":\"Pressemitteilungen\"}]},{\"@type\":\"WebSite\",\"@id\":\"https:\\\/\\\/lucassen.de\\\/kiosk\\\/#website\",\"url\":\"https:\\\/\\\/lucassen.de\\\/kiosk\\\/\",\"name\":\"Lucassen Kiosk\",\"description\":\"\",\"publisher\":{\"@id\":\"https:\\\/\\\/lucassen.de\\\/kiosk\\\/#organization\"},\"potentialAction\":[{\"@type\":\"SearchAction\",\"target\":{\"@type\":\"EntryPoint\",\"urlTemplate\":\"https:\\\/\\\/lucassen.de\\\/kiosk\\\/?s={search_term_string}\"},\"query-input\":{\"@type\":\"PropertyValueSpecification\",\"valueRequired\":true,\"valueName\":\"search_term_string\"}}],\"inLanguage\":\"de\"},{\"@type\":\"Organization\",\"@id\":\"https:\\\/\\\/lucassen.de\\\/kiosk\\\/#organization\",\"name\":\"Lucassen Kiosk\",\"url\":\"https:\\\/\\\/lucassen.de\\\/kiosk\\\/\",\"logo\":{\"@type\":\"ImageObject\",\"inLanguage\":\"de\",\"@id\":\"https:\\\/\\\/lucassen.de\\\/kiosk\\\/#\\\/schema\\\/logo\\\/image\\\/\",\"url\":\"https:\\\/\\\/lucassen.de\\\/kiosk\\\/wp-content\\\/uploads\\\/sites\\\/7\\\/2025\\\/06\\\/cropped-hausverwaltung_logo_2020.png\",\"contentUrl\":\"https:\\\/\\\/lucassen.de\\\/kiosk\\\/wp-content\\\/uploads\\\/sites\\\/7\\\/2025\\\/06\\\/cropped-hausverwaltung_logo_2020.png\",\"width\":277,\"height\":249,\"caption\":\"Lucassen Kiosk\"},\"image\":{\"@id\":\"https:\\\/\\\/lucassen.de\\\/kiosk\\\/#\\\/schema\\\/logo\\\/image\\\/\"}}]}<\/script>\n<!-- \/ Yoast SEO plugin. -->","yoast_head_json":{"title":"Pressemitteilungen - Lucassen Kiosk","robots":{"index":"index","follow":"follow","max-snippet":"max-snippet:-1","max-image-preview":"max-image-preview:large","max-video-preview":"max-video-preview:-1"},"canonical":"https:\/\/lucassen.de\/kiosk\/informationen\/pressemitteilungen\/","og_locale":"de_DE","og_type":"article","og_title":"Pressemitteilungen - Lucassen Kiosk","og_description":"Auf dieser Seite finden Sie die 12 aktuellsten Dokumente, wie Pressemitteilungen, die neuesten Urteile sowie weitere mietrechtliche Forderungen und Entwicklungen. Zus\u00e4tzlich kommentieren wir hier die aktuellen mieten- und wohnungspolitischen Themen. Eine komplette \u00dcbersicht \u00fcber alle [&hellip;]","og_url":"https:\/\/lucassen.de\/kiosk\/informationen\/pressemitteilungen\/","og_site_name":"Lucassen Kiosk","twitter_card":"summary_large_image","twitter_misc":{"Gesch\u00e4tzte Lesezeit":"1\u00a0Minute"},"schema":{"@context":"https:\/\/schema.org","@graph":[{"@type":"WebPage","@id":"https:\/\/lucassen.de\/kiosk\/informationen\/pressemitteilungen\/","url":"https:\/\/lucassen.de\/kiosk\/informationen\/pressemitteilungen\/","name":"Pressemitteilungen - Lucassen Kiosk","isPartOf":{"@id":"https:\/\/lucassen.de\/kiosk\/#website"},"primaryImageOfPage":{"@id":"https:\/\/lucassen.de\/kiosk\/informationen\/pressemitteilungen\/#primaryimage"},"image":{"@id":"https:\/\/lucassen.de\/kiosk\/informationen\/pressemitteilungen\/#primaryimage"},"thumbnailUrl":"https:\/\/lucassen.de\/hausverwaltung\/wp-content\/uploads\/sites\/3\/Pressemitteilung.jpg","datePublished":"2024-10-29T10:03:36+00:00","breadcrumb":{"@id":"https:\/\/lucassen.de\/kiosk\/informationen\/pressemitteilungen\/#breadcrumb"},"inLanguage":"de","potentialAction":[{"@type":"ReadAction","target":["https:\/\/lucassen.de\/kiosk\/informationen\/pressemitteilungen\/"]}]},{"@type":"ImageObject","inLanguage":"de","@id":"https:\/\/lucassen.de\/kiosk\/informationen\/pressemitteilungen\/#primaryimage","url":"https:\/\/lucassen.de\/hausverwaltung\/wp-content\/uploads\/sites\/3\/Pressemitteilung.jpg","contentUrl":"https:\/\/lucassen.de\/hausverwaltung\/wp-content\/uploads\/sites\/3\/Pressemitteilung.jpg"},{"@type":"BreadcrumbList","@id":"https:\/\/lucassen.de\/kiosk\/informationen\/pressemitteilungen\/#breadcrumb","itemListElement":[{"@type":"ListItem","position":1,"name":"Startseite","item":"https:\/\/lucassen.de\/kiosk\/"},{"@type":"ListItem","position":2,"name":"Informationen","item":"https:\/\/lucassen.de\/kiosk\/informationen\/"},{"@type":"ListItem","position":3,"name":"Pressemitteilungen"}]},{"@type":"WebSite","@id":"https:\/\/lucassen.de\/kiosk\/#website","url":"https:\/\/lucassen.de\/kiosk\/","name":"Lucassen Kiosk","description":"","publisher":{"@id":"https:\/\/lucassen.de\/kiosk\/#organization"},"potentialAction":[{"@type":"SearchAction","target":{"@type":"EntryPoint","urlTemplate":"https:\/\/lucassen.de\/kiosk\/?s={search_term_string}"},"query-input":{"@type":"PropertyValueSpecification","valueRequired":true,"valueName":"search_term_string"}}],"inLanguage":"de"},{"@type":"Organization","@id":"https:\/\/lucassen.de\/kiosk\/#organization","name":"Lucassen Kiosk","url":"https:\/\/lucassen.de\/kiosk\/","logo":{"@type":"ImageObject","inLanguage":"de","@id":"https:\/\/lucassen.de\/kiosk\/#\/schema\/logo\/image\/","url":"https:\/\/lucassen.de\/kiosk\/wp-content\/uploads\/sites\/7\/2025\/06\/cropped-hausverwaltung_logo_2020.png","contentUrl":"https:\/\/lucassen.de\/kiosk\/wp-content\/uploads\/sites\/7\/2025\/06\/cropped-hausverwaltung_logo_2020.png","width":277,"height":249,"caption":"Lucassen Kiosk"},"image":{"@id":"https:\/\/lucassen.de\/kiosk\/#\/schema\/logo\/image\/"}}]}},"_links":{"self":[{"href":"https:\/\/lucassen.de\/kiosk\/wp-json\/wp\/v2\/pages\/20202582","targetHints":{"allow":["GET"]}}],"collection":[{"href":"https:\/\/lucassen.de\/kiosk\/wp-json\/wp\/v2\/pages"}],"about":[{"href":"https:\/\/lucassen.de\/kiosk\/wp-json\/wp\/v2\/types\/page"}],"author":[{"embeddable":true,"href":"https:\/\/lucassen.de\/kiosk\/wp-json\/wp\/v2\/users\/1"}],"replies":[{"embeddable":true,"href":"https:\/\/lucassen.de\/kiosk\/wp-json\/wp\/v2\/comments?post=20202582"}],"version-history":[{"count":0,"href":"https:\/\/lucassen.de\/kiosk\/wp-json\/wp\/v2\/pages\/20202582\/revisions"}],"up":[{"embeddable":true,"href":"https:\/\/lucassen.de\/kiosk\/wp-json\/wp\/v2\/pages\/20"}],"wp:attachment":[{"href":"https:\/\/lucassen.de\/kiosk\/wp-json\/wp\/v2\/media?parent=20202582"}],"curies":[{"name":"wp","href":"https:\/\/api.w.org\/{rel}","templated":true}]}}