{"id":42,"date":"2019-12-05T10:22:44","date_gmt":"2019-12-05T09:22:44","guid":{"rendered":"http:\/\/lhv.nightbird-design.de\/?page_id=42"},"modified":"2019-12-05T10:22:44","modified_gmt":"2019-12-05T09:22:44","slug":"mietobjekte","status":"publish","type":"page","link":"https:\/\/lucassen.de\/kiosk\/mietobjekte\/","title":{"rendered":"Mietobjekte"},"content":{"rendered":"\n<div class=\"wp-block-cover\" style=\"min-height:40vh;aspect-ratio:unset;\"><img decoding=\"async\" class=\"wp-block-cover__image-background wp-image-101\" alt=\"\" src=\"https:\/\/lucassen.de\/hausverwaltung\/wp-content\/uploads\/sites\/3\/header-lhv.jpg\" data-object-fit=\"cover\" \/><span aria-hidden=\"true\" class=\"wp-block-cover__background has-background-dim-90 has-background-dim wp-block-cover__gradient-background has-background-gradient\" style=\"background:linear-gradient(140deg,rgb(52,72,94) 0%,rgba(52,72,94,0.89) 51%,rgba(52,72,94,0.41) 100%)\"><\/span><div class=\"wp-block-cover__inner-container is-layout-constrained wp-container-core-cover-is-layout-48c9aa2a wp-block-cover-is-layout-constrained\">\n<div class=\"wp-block-group\"><div class=\"wp-block-group__inner-container is-layout-flow wp-block-group-is-layout-flow\">\n<h1 class=\"wp-block-heading\">Unsere Mietobjekte<\/h1>\n<\/div><\/div>\n<\/div><\/div>\n\n\n\n<div class=\"wp-block-group\"><div class=\"wp-block-group__inner-container is-layout-constrained wp-block-group-is-layout-constrained\">\n<p>Seit vielen Jahren betreuen&nbsp;wir unsere Mietobjekte&nbsp;(Mietwohnungen, Eigentum) in den folgenden St\u00e4dten:<\/p>\n\n\n\n<div style=\"height:2rem\" aria-hidden=\"true\" class=\"wp-block-spacer\"><\/div>\n\n\n\n<div class=\"wp-block-columns is-layout-flex wp-container-core-columns-is-layout-9d6595d7 wp-block-columns-is-layout-flex\">\n<div class=\"wp-block-column is-layout-flow wp-block-column-is-layout-flow\" style=\"flex-basis:33.33%\">\n<div class=\"wp-block-group is-nowrap is-layout-flex wp-container-core-group-is-layout-ad2f72ca wp-block-group-is-layout-flex\">\n<figure class=\"wp-block-image size-full is-resized\"><a href=\"https:\/\/lucassen.de\/hausverwaltung\/miet-objekte\/moers\"><img decoding=\"async\" src=\"https:\/\/lucassen.de\/hausverwaltung\/wp-content\/uploads\/sites\/3\/image-9.png\" alt=\"\" class=\"wp-image-20202395\" style=\"width:40px\" \/><\/a><\/figure>\n\n\n\n<h2 class=\"wp-block-heading\"><a href=\"https:\/\/lucassen.de\/hausverwaltung\/mietobjekte\/moers\">Moers<\/a><\/h2>\n<\/div>\n\n\n\n<p>Wir betreuen aktuell 40 Mieteinheiten an der Klever Stra\u00dfe in Moers. Die Wohnungen verteilen sich auf f\u00fcnf zusammenh\u00e4ngende Geb\u00e4ude in einer weitl\u00e4ufigen Gr\u00fcnanlage mit Zufahrtswegen zu zahlreichen <a href=\"https:\/\/lucassen.de\/hausverwaltung\/mietobjekte\/moers\/parkraum\">Stellpl\u00e4tzen<\/a> und <a href=\"https:\/\/lucassen.de\/hausverwaltung\/mietobjekte\/moers\/parkraum\">Garagen<\/a>.<\/p>\n<\/div>\n\n\n\n<div class=\"wp-block-column is-layout-flow wp-block-column-is-layout-flow\" style=\"flex-basis:66.66%\">\n<div class=\"wp-block-group is-layout-grid wp-container-core-group-is-layout-6be84c55 wp-block-group-is-layout-grid\"><div class=\"wp-block-image mietobjekt\">\n<figure class=\"aligncenter size-medium\"><a href=\"https:\/\/lucassen.de\/hausverwaltung\/mietobjekte\/moers\/klever-str-51\"><img decoding=\"async\" src=\"https:\/\/lucassen.de\/hausverwaltung\/wp-content\/uploads\/sites\/3\/klever-strasse-300x188.jpg\" alt=\"\" class=\"wp-image-735\" \/><\/a><figcaption class=\"wp-element-caption\"><a href=\"https:\/\/lucassen.de\/hausverwaltung\/mietobjekte\/moers\/klever-str-51\">Klever Str. 51<br>47441 Moers<\/a><\/figcaption><\/figure>\n<\/div>\n\n<div class=\"wp-block-image mietobjekt\">\n<figure class=\"aligncenter size-medium\"><a href=\"https:\/\/lucassen.de\/hausverwaltung\/mietobjekte\/moers\/klever-str-53\"><img decoding=\"async\" src=\"https:\/\/lucassen.de\/hausverwaltung\/wp-content\/uploads\/sites\/3\/klever-strasse-300x188.jpg\" alt=\"\" class=\"wp-image-735\" \/><\/a><figcaption class=\"wp-element-caption\"><a href=\"https:\/\/lucassen.de\/hausverwaltung\/mietobjekte\/moers\/klever-str-53\">Klever Str. 53<br>47441 Moers<\/a><\/figcaption><\/figure>\n<\/div>\n\n\n<p><\/p>\n\n\n<div class=\"wp-block-image mietobjekt\">\n<figure class=\"aligncenter size-medium\"><a href=\"https:\/\/lucassen.de\/hausverwaltung\/mietobjekte\/moers\/klever-str-55\"><img decoding=\"async\" src=\"https:\/\/lucassen.de\/hausverwaltung\/wp-content\/uploads\/sites\/3\/klever-strasse-300x188.jpg\" alt=\"\" class=\"wp-image-735\" \/><\/a><figcaption class=\"wp-element-caption\"><a href=\"https:\/\/lucassen.de\/hausverwaltung\/mietobjekte\/moers\/klever-str-55\">Klever Str. 55<br>47441 Moers<\/a><\/figcaption><\/figure>\n<\/div>\n\n<div class=\"wp-block-image mietobjekt\">\n<figure class=\"aligncenter size-medium\"><a href=\"https:\/\/lucassen.de\/hausverwaltung\/mietobjekte\/moers\/klever-str-57\"><img decoding=\"async\" src=\"https:\/\/lucassen.de\/hausverwaltung\/wp-content\/uploads\/sites\/3\/klever-strasse-300x188.jpg\" alt=\"\" class=\"wp-image-735\" \/><\/a><figcaption class=\"wp-element-caption\"><a href=\"https:\/\/lucassen.de\/hausverwaltung\/mietobjekte\/moers\/klever-str-57\">Klever Str. 57<br>47441 Moers<\/a><\/figcaption><\/figure>\n<\/div>\n\n<div class=\"wp-block-image mietobjekt\">\n<figure class=\"aligncenter size-medium\"><a href=\"https:\/\/lucassen.de\/hausverwaltung\/mietobjekte\/moers\/klever-str-59\"><img decoding=\"async\" src=\"https:\/\/lucassen.de\/hausverwaltung\/wp-content\/uploads\/sites\/3\/klever-strasse-300x188.jpg\" alt=\"\" class=\"wp-image-735\" \/><\/a><figcaption class=\"wp-element-caption\"><a href=\"https:\/\/lucassen.de\/hausverwaltung\/mietobjekte\/moers\/klever-str-59\">Klever Str. 59<br>47441 Moers<\/a><\/figcaption><\/figure>\n<\/div><\/div>\n<\/div>\n<\/div>\n\n\n\n<div style=\"height:5rem\" aria-hidden=\"true\" class=\"wp-block-spacer\"><\/div>\n\n\n\n<div class=\"wp-block-columns is-layout-flex wp-container-core-columns-is-layout-9d6595d7 wp-block-columns-is-layout-flex\">\n<div class=\"wp-block-column is-layout-flow wp-block-column-is-layout-flow\" style=\"flex-basis:33.33%\">\n<div class=\"wp-block-group is-nowrap is-layout-flex wp-container-core-group-is-layout-ad2f72ca wp-block-group-is-layout-flex\">\n<figure class=\"wp-block-image size-full is-resized\"><img decoding=\"async\" src=\"https:\/\/lucassen.de\/hausverwaltung\/wp-content\/uploads\/sites\/3\/Rheinhausen-Wappen.png\" alt=\"\" class=\"wp-image-20204820\" style=\"width:40px\" \/><\/figure>\n\n\n\n<h2 class=\"wp-block-heading\"><a href=\"https:\/\/lucassen.de\/hausverwaltung\/miet-objekte\/moers\"><\/a><a href=\"https:\/\/lucassen.de\/hausverwaltung\/mietobjekte\/rheinhausen\">Rheinhausen<\/a><\/h2>\n<\/div>\n\n\n\n<p>Wir betreuen aktuell eine Wohneinheit an der Rheinstra\u00dfe und drei Mieteinheiten an der Hochemmericher Stra\u00dfe in Duisburg-Rheinhausen. Die Mietwohnungen verteilen sich auf zwei Geb\u00e4ude.<\/p>\n<\/div>\n\n\n\n<div class=\"wp-block-column is-layout-flow wp-block-column-is-layout-flow\" style=\"flex-basis:66.66%\">\n<div class=\"wp-block-group is-layout-grid wp-container-core-group-is-layout-6be84c55 wp-block-group-is-layout-grid\"><div class=\"wp-block-image mietobjekt\">\n<figure class=\"aligncenter size-medium\"><a href=\"https:\/\/lucassen.de\/hausverwaltung\/mietobjekte\/rheinhausen\/hochemmericher-str-4\"><img decoding=\"async\" src=\"https:\/\/lucassen.de\/hausverwaltung\/wp-content\/uploads\/sites\/3\/hochemmericher-str-4-1-300x188.jpg\" alt=\"\" class=\"wp-image-20200557\" \/><\/a><figcaption class=\"wp-element-caption\"><a href=\"https:\/\/lucassen.de\/hausverwaltung\/mietobjekte\/rheinhausen\/hochemmericher-str-4\">Hochemmericher Str. 4<br>47226 Duisburg-Rheinhausen<\/a><\/figcaption><\/figure>\n<\/div>\n\n<div class=\"wp-block-image mietobjekt\">\n<figure class=\"aligncenter size-medium\"><a href=\"https:\/\/lucassen.de\/hausverwaltung\/mietobjekte\/rheinhausen\/hochemmericher-str-15\"><img decoding=\"async\" src=\"https:\/\/lucassen.de\/hausverwaltung\/wp-content\/uploads\/sites\/3\/hochemmericher-str-15-1-300x188.jpg\" alt=\"\" class=\"wp-image-20200559\" \/><\/a><figcaption class=\"wp-element-caption\"><a href=\"https:\/\/lucassen.de\/hausverwaltung\/mietobjekte\/rheinhausen\/hochemmericher-str-15\">Hochemmericher Str. 15<br>47226 Duisburg-Rheinhausen<\/a><\/figcaption><\/figure>\n<\/div>\n\n<div class=\"wp-block-image mietobjekt\">\n<figure class=\"aligncenter size-medium\"><a href=\"https:\/\/lucassen.de\/hausverwaltung\/mietobjekte\/rheinhausen\/rheinstrasse-11\"><img decoding=\"async\" src=\"https:\/\/lucassen.de\/hausverwaltung\/wp-content\/uploads\/sites\/3\/rheinstr-11-300x188.jpg\" alt=\"\" class=\"wp-image-20200558\" \/><\/a><figcaption class=\"wp-element-caption\"><a href=\"https:\/\/lucassen.de\/hausverwaltung\/mietobjekte\/rheinhausen\/rheinstrasse-11\">Rheinstra\u00dfe 11<br>47226 Duisburg-Rheinhausen<\/a><\/figcaption><\/figure>\n<\/div><\/div>\n<\/div>\n<\/div>\n\n\n\n<div style=\"height:5rem\" aria-hidden=\"true\" class=\"wp-block-spacer\"><\/div>\n\n\n\n<div class=\"wp-block-columns is-layout-flex wp-container-core-columns-is-layout-9d6595d7 wp-block-columns-is-layout-flex\">\n<div class=\"wp-block-column is-layout-flow wp-block-column-is-layout-flow\" style=\"flex-basis:33.33%\">\n<div class=\"wp-block-group is-nowrap is-layout-flex wp-container-core-group-is-layout-ad2f72ca wp-block-group-is-layout-flex\">\n<figure class=\"wp-block-image size-full is-resized\"><img decoding=\"async\" src=\"https:\/\/lucassen.de\/hausverwaltung\/wp-content\/uploads\/sites\/3\/Krefeld-Wappen.png\" alt=\"\" class=\"wp-image-20204819\" style=\"width:40px\" \/><\/figure>\n\n\n\n<h2 class=\"wp-block-heading\"><a href=\"https:\/\/lucassen.de\/hausverwaltung\/miet-objekte\/moers\"><\/a><a href=\"https:\/\/lucassen.de\/hausverwaltung\/miet-objekte\/rheinhausen\"><\/a><a href=\"https:\/\/lucassen.de\/hausverwaltung\/mietobjekte\/krefeld\">Krefeld<\/a><\/h2>\n<\/div>\n\n\n\n<p>Wir betreuen aktuell zwei Wohneinheiten in Krefeld. Die beiden Geb\u00e4ude liegen im Stadtteil Traar.<\/p>\n<\/div>\n\n\n\n<div class=\"wp-block-column is-layout-flow wp-block-column-is-layout-flow\" style=\"flex-basis:66.66%\">\n<div class=\"wp-block-group is-layout-grid wp-container-core-group-is-layout-6be84c55 wp-block-group-is-layout-grid\"><div class=\"wp-block-image mietobjekt\">\n<figure class=\"aligncenter size-medium\"><a href=\"https:\/\/lucassen.de\/hausverwaltung\/mietobjekte\/krefeld\/erich-klausener-strasse-85\"><img decoding=\"async\" src=\"https:\/\/lucassen.de\/hausverwaltung\/wp-content\/uploads\/sites\/3\/erich-klausener-str-85-300x188.jpg\" alt=\"\" class=\"wp-image-744\" \/><\/a><figcaption class=\"wp-element-caption\"><a href=\"https:\/\/lucassen.de\/hausverwaltung\/mietobjekte\/krefeld\/erich-klausener-strasse-85\">Erich-Klausener-Stra\u00dfe 85<br>47802 Krefeld-Traar<\/a><\/figcaption><\/figure>\n<\/div>\n\n<div class=\"wp-block-image mietobjekt\">\n<figure class=\"aligncenter size-medium\"><a href=\"https:\/\/lucassen.de\/hausverwaltung\/mietobjekte\/krefeld\/mergelskull-19\"><img decoding=\"async\" src=\"https:\/\/lucassen.de\/hausverwaltung\/wp-content\/uploads\/sites\/3\/mergelskull-19-300x188.jpg\" alt=\"\" class=\"wp-image-743\" \/><\/a><figcaption class=\"wp-element-caption\"><a href=\"https:\/\/lucassen.de\/hausverwaltung\/mietobjekte\/krefeld\/mergelskull-19\">Mergelskull 19<br>47802 Krefeld-Traar<\/a><\/figcaption><\/figure>\n<\/div><\/div>\n<\/div>\n<\/div>\n<\/div><\/div>\n","protected":false},"excerpt":{"rendered":"<p>Seit vielen Jahren betreuen&nbsp;wir unsere Mietobjekte&nbsp;(Mietwohnungen, Eigentum) in den folgenden St\u00e4dten: Moers Wir betreuen aktuell 40 Mieteinheiten an der Klever Stra\u00dfe in Moers. Die Wohnungen verteilen sich auf f\u00fcnf zusammenh\u00e4ngende Geb\u00e4ude in einer weitl\u00e4ufigen Gr\u00fcnanlage [&hellip;]<\/p>\n","protected":false},"author":1,"featured_media":0,"parent":0,"menu_order":100,"comment_status":"closed","ping_status":"closed","template":"","meta":{"footnotes":""},"class_list":["post-42","page","type-page","status-publish","hentry"],"yoast_head":"<!-- This site is optimized with the Yoast SEO plugin v27.3 - https:\/\/yoast.com\/product\/yoast-seo-wordpress\/ -->\n<title>Mietobjekte - Lucassen Kiosk<\/title>\n<meta name=\"robots\" content=\"index, follow, max-snippet:-1, max-image-preview:large, max-video-preview:-1\" \/>\n<link rel=\"canonical\" href=\"https:\/\/lucassen.de\/kiosk\/mietobjekte\/\" \/>\n<meta property=\"og:locale\" content=\"de_DE\" \/>\n<meta property=\"og:type\" content=\"article\" \/>\n<meta property=\"og:title\" content=\"Mietobjekte - Lucassen Kiosk\" \/>\n<meta property=\"og:description\" content=\"Seit vielen Jahren betreuen&nbsp;wir unsere Mietobjekte&nbsp;(Mietwohnungen, Eigentum) in den folgenden St\u00e4dten: Moers Wir betreuen aktuell 40 Mieteinheiten an der Klever Stra\u00dfe in Moers. Die Wohnungen verteilen sich auf f\u00fcnf zusammenh\u00e4ngende Geb\u00e4ude in einer weitl\u00e4ufigen Gr\u00fcnanlage [&hellip;]\" \/>\n<meta property=\"og:url\" content=\"https:\/\/lucassen.de\/kiosk\/mietobjekte\/\" \/>\n<meta property=\"og:site_name\" content=\"Lucassen Kiosk\" \/>\n<meta name=\"twitter:card\" content=\"summary_large_image\" \/>\n<meta name=\"twitter:label1\" content=\"Gesch\u00e4tzte Lesezeit\" \/>\n\t<meta name=\"twitter:data1\" content=\"4\u00a0Minuten\" \/>\n<script type=\"application\/ld+json\" class=\"yoast-schema-graph\">{\"@context\":\"https:\\\/\\\/schema.org\",\"@graph\":[{\"@type\":\"WebPage\",\"@id\":\"https:\\\/\\\/lucassen.de\\\/kiosk\\\/mietobjekte\\\/\",\"url\":\"https:\\\/\\\/lucassen.de\\\/kiosk\\\/mietobjekte\\\/\",\"name\":\"Mietobjekte - Lucassen Kiosk\",\"isPartOf\":{\"@id\":\"https:\\\/\\\/lucassen.de\\\/kiosk\\\/#website\"},\"primaryImageOfPage\":{\"@id\":\"https:\\\/\\\/lucassen.de\\\/kiosk\\\/mietobjekte\\\/#primaryimage\"},\"image\":{\"@id\":\"https:\\\/\\\/lucassen.de\\\/kiosk\\\/mietobjekte\\\/#primaryimage\"},\"thumbnailUrl\":\"https:\\\/\\\/lucassen.de\\\/hausverwaltung\\\/wp-content\\\/uploads\\\/sites\\\/3\\\/header-lhv.jpg\",\"datePublished\":\"2019-12-05T09:22:44+00:00\",\"breadcrumb\":{\"@id\":\"https:\\\/\\\/lucassen.de\\\/kiosk\\\/mietobjekte\\\/#breadcrumb\"},\"inLanguage\":\"de\",\"potentialAction\":[{\"@type\":\"ReadAction\",\"target\":[\"https:\\\/\\\/lucassen.de\\\/kiosk\\\/mietobjekte\\\/\"]}]},{\"@type\":\"ImageObject\",\"inLanguage\":\"de\",\"@id\":\"https:\\\/\\\/lucassen.de\\\/kiosk\\\/mietobjekte\\\/#primaryimage\",\"url\":\"https:\\\/\\\/lucassen.de\\\/hausverwaltung\\\/wp-content\\\/uploads\\\/sites\\\/3\\\/header-lhv.jpg\",\"contentUrl\":\"https:\\\/\\\/lucassen.de\\\/hausverwaltung\\\/wp-content\\\/uploads\\\/sites\\\/3\\\/header-lhv.jpg\"},{\"@type\":\"BreadcrumbList\",\"@id\":\"https:\\\/\\\/lucassen.de\\\/kiosk\\\/mietobjekte\\\/#breadcrumb\",\"itemListElement\":[{\"@type\":\"ListItem\",\"position\":1,\"name\":\"Startseite\",\"item\":\"https:\\\/\\\/lucassen.de\\\/kiosk\\\/\"},{\"@type\":\"ListItem\",\"position\":2,\"name\":\"Mietobjekte\"}]},{\"@type\":\"WebSite\",\"@id\":\"https:\\\/\\\/lucassen.de\\\/kiosk\\\/#website\",\"url\":\"https:\\\/\\\/lucassen.de\\\/kiosk\\\/\",\"name\":\"Lucassen Kiosk\",\"description\":\"\",\"publisher\":{\"@id\":\"https:\\\/\\\/lucassen.de\\\/kiosk\\\/#organization\"},\"potentialAction\":[{\"@type\":\"SearchAction\",\"target\":{\"@type\":\"EntryPoint\",\"urlTemplate\":\"https:\\\/\\\/lucassen.de\\\/kiosk\\\/?s={search_term_string}\"},\"query-input\":{\"@type\":\"PropertyValueSpecification\",\"valueRequired\":true,\"valueName\":\"search_term_string\"}}],\"inLanguage\":\"de\"},{\"@type\":\"Organization\",\"@id\":\"https:\\\/\\\/lucassen.de\\\/kiosk\\\/#organization\",\"name\":\"Lucassen Kiosk\",\"url\":\"https:\\\/\\\/lucassen.de\\\/kiosk\\\/\",\"logo\":{\"@type\":\"ImageObject\",\"inLanguage\":\"de\",\"@id\":\"https:\\\/\\\/lucassen.de\\\/kiosk\\\/#\\\/schema\\\/logo\\\/image\\\/\",\"url\":\"https:\\\/\\\/lucassen.de\\\/kiosk\\\/wp-content\\\/uploads\\\/sites\\\/7\\\/2025\\\/06\\\/cropped-hausverwaltung_logo_2020.png\",\"contentUrl\":\"https:\\\/\\\/lucassen.de\\\/kiosk\\\/wp-content\\\/uploads\\\/sites\\\/7\\\/2025\\\/06\\\/cropped-hausverwaltung_logo_2020.png\",\"width\":277,\"height\":249,\"caption\":\"Lucassen Kiosk\"},\"image\":{\"@id\":\"https:\\\/\\\/lucassen.de\\\/kiosk\\\/#\\\/schema\\\/logo\\\/image\\\/\"}}]}<\/script>\n<!-- \/ Yoast SEO plugin. -->","yoast_head_json":{"title":"Mietobjekte - Lucassen Kiosk","robots":{"index":"index","follow":"follow","max-snippet":"max-snippet:-1","max-image-preview":"max-image-preview:large","max-video-preview":"max-video-preview:-1"},"canonical":"https:\/\/lucassen.de\/kiosk\/mietobjekte\/","og_locale":"de_DE","og_type":"article","og_title":"Mietobjekte - Lucassen Kiosk","og_description":"Seit vielen Jahren betreuen&nbsp;wir unsere Mietobjekte&nbsp;(Mietwohnungen, Eigentum) in den folgenden St\u00e4dten: Moers Wir betreuen aktuell 40 Mieteinheiten an der Klever Stra\u00dfe in Moers. Die Wohnungen verteilen sich auf f\u00fcnf zusammenh\u00e4ngende Geb\u00e4ude in einer weitl\u00e4ufigen Gr\u00fcnanlage [&hellip;]","og_url":"https:\/\/lucassen.de\/kiosk\/mietobjekte\/","og_site_name":"Lucassen Kiosk","twitter_card":"summary_large_image","twitter_misc":{"Gesch\u00e4tzte Lesezeit":"4\u00a0Minuten"},"schema":{"@context":"https:\/\/schema.org","@graph":[{"@type":"WebPage","@id":"https:\/\/lucassen.de\/kiosk\/mietobjekte\/","url":"https:\/\/lucassen.de\/kiosk\/mietobjekte\/","name":"Mietobjekte - Lucassen Kiosk","isPartOf":{"@id":"https:\/\/lucassen.de\/kiosk\/#website"},"primaryImageOfPage":{"@id":"https:\/\/lucassen.de\/kiosk\/mietobjekte\/#primaryimage"},"image":{"@id":"https:\/\/lucassen.de\/kiosk\/mietobjekte\/#primaryimage"},"thumbnailUrl":"https:\/\/lucassen.de\/hausverwaltung\/wp-content\/uploads\/sites\/3\/header-lhv.jpg","datePublished":"2019-12-05T09:22:44+00:00","breadcrumb":{"@id":"https:\/\/lucassen.de\/kiosk\/mietobjekte\/#breadcrumb"},"inLanguage":"de","potentialAction":[{"@type":"ReadAction","target":["https:\/\/lucassen.de\/kiosk\/mietobjekte\/"]}]},{"@type":"ImageObject","inLanguage":"de","@id":"https:\/\/lucassen.de\/kiosk\/mietobjekte\/#primaryimage","url":"https:\/\/lucassen.de\/hausverwaltung\/wp-content\/uploads\/sites\/3\/header-lhv.jpg","contentUrl":"https:\/\/lucassen.de\/hausverwaltung\/wp-content\/uploads\/sites\/3\/header-lhv.jpg"},{"@type":"BreadcrumbList","@id":"https:\/\/lucassen.de\/kiosk\/mietobjekte\/#breadcrumb","itemListElement":[{"@type":"ListItem","position":1,"name":"Startseite","item":"https:\/\/lucassen.de\/kiosk\/"},{"@type":"ListItem","position":2,"name":"Mietobjekte"}]},{"@type":"WebSite","@id":"https:\/\/lucassen.de\/kiosk\/#website","url":"https:\/\/lucassen.de\/kiosk\/","name":"Lucassen Kiosk","description":"","publisher":{"@id":"https:\/\/lucassen.de\/kiosk\/#organization"},"potentialAction":[{"@type":"SearchAction","target":{"@type":"EntryPoint","urlTemplate":"https:\/\/lucassen.de\/kiosk\/?s={search_term_string}"},"query-input":{"@type":"PropertyValueSpecification","valueRequired":true,"valueName":"search_term_string"}}],"inLanguage":"de"},{"@type":"Organization","@id":"https:\/\/lucassen.de\/kiosk\/#organization","name":"Lucassen Kiosk","url":"https:\/\/lucassen.de\/kiosk\/","logo":{"@type":"ImageObject","inLanguage":"de","@id":"https:\/\/lucassen.de\/kiosk\/#\/schema\/logo\/image\/","url":"https:\/\/lucassen.de\/kiosk\/wp-content\/uploads\/sites\/7\/2025\/06\/cropped-hausverwaltung_logo_2020.png","contentUrl":"https:\/\/lucassen.de\/kiosk\/wp-content\/uploads\/sites\/7\/2025\/06\/cropped-hausverwaltung_logo_2020.png","width":277,"height":249,"caption":"Lucassen Kiosk"},"image":{"@id":"https:\/\/lucassen.de\/kiosk\/#\/schema\/logo\/image\/"}}]}},"_links":{"self":[{"href":"https:\/\/lucassen.de\/kiosk\/wp-json\/wp\/v2\/pages\/42","targetHints":{"allow":["GET"]}}],"collection":[{"href":"https:\/\/lucassen.de\/kiosk\/wp-json\/wp\/v2\/pages"}],"about":[{"href":"https:\/\/lucassen.de\/kiosk\/wp-json\/wp\/v2\/types\/page"}],"author":[{"embeddable":true,"href":"https:\/\/lucassen.de\/kiosk\/wp-json\/wp\/v2\/users\/1"}],"replies":[{"embeddable":true,"href":"https:\/\/lucassen.de\/kiosk\/wp-json\/wp\/v2\/comments?post=42"}],"version-history":[{"count":0,"href":"https:\/\/lucassen.de\/kiosk\/wp-json\/wp\/v2\/pages\/42\/revisions"}],"wp:attachment":[{"href":"https:\/\/lucassen.de\/kiosk\/wp-json\/wp\/v2\/media?parent=42"}],"curies":[{"name":"wp","href":"https:\/\/api.w.org\/{rel}","templated":true}]}}